{"id":14069,"date":"2020-12-11T14:40:34","date_gmt":"2020-12-11T12:40:34","guid":{"rendered":"https:\/\/valoareplus.ro\/?post_type=avada_portfolio&#038;p=14069"},"modified":"2021-12-06T11:29:04","modified_gmt":"2021-12-06T09:29:04","slug":"ofera-o-masa-celor-fara-casa-in-iarna-2020","status":"publish","type":"avada_portfolio","link":"https:\/\/valoareplus.ro\/?avada_portfolio=ofera-o-masa-celor-fara-casa-in-iarna-2020","title":{"rendered":"Ofer\u0103 o mas\u0103 celor f\u0103r\u0103 cas\u0103 \u00een iarna 2020"},"content":{"rendered":"<div class=\"fusion-fullwidth fullwidth-box fusion-builder-row-1 nonhundred-percent-fullwidth non-hundred-percent-height-scrolling\" style=\"background-color: rgba(255,255,255,0);background-position: center center;background-repeat: no-repeat;padding-top:0px;padding-right:0px;padding-bottom:0px;padding-left:0px;margin-bottom: 0px;margin-top: 0px;border-width: 0px 0px 0px 0px;border-color:#eae9e9;border-style:solid;\" ><div class=\"fusion-builder-row fusion-row\"><div class=\"fusion-layout-column fusion_builder_column fusion-builder-column-0 fusion_builder_column_1_1 1_1 fusion-one-full fusion-column-first fusion-column-last\" style=\"margin-top:0px;margin-bottom:0px;\"><div class=\"fusion-column-wrapper fusion-flex-column-wrapper-legacy\" style=\"background-position:left top;background-repeat:no-repeat;-webkit-background-size:cover;-moz-background-size:cover;-o-background-size:cover;background-size:cover;padding: 0px 0px 0px 0px;\"><div class=\"fusion-text fusion-text-1\"><blockquote>\n<p>&#8222;Dac\u0103 \u00een timpul s\u0103rb\u0103torilor de iarn\u0103 ai masa \u00eenc\u0103rcat\u0103, atunci te provoc\u0103m s\u0103 d\u0103ruie\u0219ti \u0219i celor ce nu au cas\u0103 o mas\u0103 cald\u0103 de s\u0103rb\u0103tori!<\/p>\n<p>\u00cen fiecare an am hot\u0103r\u00e2t s\u0103 desf\u0103\u0219ur\u0103m campania:&#8221;Ofer\u0103 o mas\u0103 celor f\u0103r\u0103 cas\u0103!&#8221;, campanie ce \u00ee\u0219i propune s\u0103 asigure c\u00e2te o mas\u0103 \u0219i o b\u0103utur\u0103 cald\u0103 pentru 40 de persoane \u00een fiecare noapte timp de 20 de nop\u021bi pe perioada s\u0103rb\u0103torilor de iarn\u0103.&#8221;<\/p>\n<p style=\"text-align: right;\">Marian P\u0103dure\u021b &#8211; pre\u0219edintele Asocia\u021biei Valoare Plus.<\/p>\n<\/blockquote>\n<h2>Ne pute\u021bi sprijini \u00een derularea acestei campanii:<\/h2>\n<ol>\n<li>Ajut\u00e2nd ca voluntar \u00eentr-una din zilele din perioada <strong>22 decembrie &#8211; 10 ianuarie<\/strong>, \u00eentre orele 21:00 &#8211; 23:59;<\/li>\n<li>Ajut\u00e2nd la mediatizarea acestei campanii prin <strong>distribuirea<\/strong> <strong>campaniei<\/strong>;<\/li>\n<li>F\u0103c\u00e2nd o dona\u021bie pentru c\u00e2teva mese. Costul estimat al unei mese este de <strong>14 lei\/persoan\u0103<\/strong> \u0219i include o mas\u0103 cald\u0103, ap\u0103, transport \u0219i altele (medicamente, sau alte nevoi urgente). Dona\u021biile pot fi f\u0103cute <a href=\"https:\/\/mpy.ro\/ndwa2er\" target=\"_blank\" rel=\"noopener noreferrer\">online cu cardul<\/a>, prin transfer bancar sau direct la sediul Asocia\u021biei Valoare Plus pe str. Orizontului nr.16 Bac\u0103u de luni p\u00e2n\u0103 vineri \u00eentre orele 9:00 &#8211; 17:00. <a href=\"https:\/\/valoareplus.ro\/?page_id=154\" target=\"_blank\" rel=\"noopener\">Detalii complete despre modalit\u0103\u021bile de donare aici<\/a>.<\/li>\n<\/ol>\n<p>Prin campania &#8222;Ofer\u0103 o mas\u0103 celor f\u0103r\u0103 cas\u0103!&#8221; ne propunem s\u0103 mobiliz\u0103m voluntarii Asocia\u021biei Valoare Plus \u0219i, de asemenea, alte persoane din comunitate care doresc s\u0103 ne ajute \u00een aceast\u0103 cauz\u0103, astfel \u00een c\u00e2t s\u0103 putem asigura o mas\u0103 \u0219i o b\u0103utur\u0103 cald\u0103 la sf\u00e2r\u0219itul lunii decembrie \u0219i \u00eenceputul noului an, pentru oamenii str\u0103zii din municipiul Bac\u0103u.<\/p>\n<\/div><div class=\"fusion-sep-clear\"><\/div><div class=\"fusion-separator fusion-full-width-sep\" style=\"margin-left: auto;margin-right: auto;margin-bottom:30px;width:100%;\"><\/div><div class=\"fusion-sep-clear\"><\/div><div class=\"fusion-clearfix\"><\/div><\/div><\/div><div class=\"fusion-layout-column fusion_builder_column fusion-builder-column-1 fusion_builder_column_1_2 1_2 fusion-one-half fusion-column-first\" style=\"width:50%;width:calc(50% - ( ( 4% ) * 0.5 ) );margin-right: 4%;margin-top:0px;margin-bottom:20px;\"><div class=\"fusion-column-wrapper fusion-flex-column-wrapper-legacy\" style=\"background-position:left top;background-repeat:no-repeat;-webkit-background-size:cover;-moz-background-size:cover;-o-background-size:cover;background-size:cover;padding: 0px 0px 0px 0px;\"><div class=\"fusion-aligncenter\"><style>.fusion-body .fusion-button.button-1 .fusion-button-text{text-transform:uppercase;}<\/style><a class=\"fusion-button button-flat button-xlarge button-orange button-1 fusion-button-default-span fusion-button-default-type\" target=\"_blank\" rel=\"noopener noreferrer\" title=\"Ma ofer sa ajut ca voluntar\" href=\"https:\/\/forms.gle\/LbqzLzehqHyR7USp7\"><span class=\"fusion-button-icon-divider button-icon-divider-left\"><i class=\"fa-hand-holding-heart fas\" aria-hidden=\"true\"><\/i><\/span><span class=\"fusion-button-text fusion-button-text-left\">Vreau sa ajut ca voluntar<\/span><\/a><\/div><div class=\"fusion-clearfix\"><\/div><\/div><\/div><div class=\"fusion-layout-column fusion_builder_column fusion-builder-column-2 fusion_builder_column_1_2 1_2 fusion-one-half fusion-column-last\" style=\"width:50%;width:calc(50% - ( ( 4% ) * 0.5 ) );margin-top:0px;margin-bottom:20px;\"><div class=\"fusion-column-wrapper fusion-flex-column-wrapper-legacy\" style=\"background-position:left top;background-repeat:no-repeat;-webkit-background-size:cover;-moz-background-size:cover;-o-background-size:cover;background-size:cover;padding: 0px 0px 0px 0px;\"><div class=\"fusion-aligncenter\"><a class=\"fusion-button button-flat button-xlarge button-blue button-2 fusion-button-default-span fusion-button-default-type\" target=\"_blank\" rel=\"noopener noreferrer\" title=\"Doneaz\u0103 pentru c\u00e2teva mese\" href=\"https:\/\/mpy.ro\/ndwa2er\"><span class=\"fusion-button-icon-divider button-icon-divider-left\"><i class=\"fa-money-bill-alt far\" aria-hidden=\"true\"><\/i><\/span><span class=\"fusion-button-text fusion-button-text-left\">Vreau s\u0103 donez pentru c\u00e2teva mese calde<\/span><\/a><\/div><div class=\"fusion-clearfix\"><\/div><\/div><\/div><div class=\"fusion-layout-column fusion_builder_column fusion-builder-column-3 fusion_builder_column_1_1 1_1 fusion-one-full fusion-column-first fusion-column-last\" style=\"margin-top:0px;margin-bottom:20px;\"><div class=\"fusion-column-wrapper fusion-flex-column-wrapper-legacy\" style=\"background-position:left top;background-repeat:no-repeat;-webkit-background-size:cover;-moz-background-size:cover;-o-background-size:cover;background-size:cover;padding: 0px 0px 0px 0px;\"><div class=\"fusion-sep-clear\"><\/div><div class=\"fusion-separator fusion-full-width-sep\" style=\"margin-left: auto;margin-right: auto;margin-bottom:40px;width:100%;\"><\/div><div class=\"fusion-sep-clear\"><\/div><div class=\"fusion-clearfix\"><\/div><\/div><\/div><div class=\"fusion-layout-column fusion_builder_column fusion-builder-column-4 fusion_builder_column_1_2 1_2 fusion-one-half fusion-column-first\" style=\"width:50%;width:calc(50% - ( ( 4% ) * 0.5 ) );margin-right: 4%;margin-top:0px;margin-bottom:20px;\"><div class=\"fusion-column-wrapper fusion-flex-column-wrapper-legacy\" style=\"background-position:left top;background-repeat:no-repeat;-webkit-background-size:cover;-moz-background-size:cover;-o-background-size:cover;background-size:cover;padding: 0px 0px 0px 0px;\"><div class=\"fusion-text fusion-text-2\"><h2>Vino al\u0103turi de noi!<\/h2>\n<p>Bugetul necesar derul\u0103rii acestei campanii este <strong>11.200 de lei<\/strong> p\u00e2n\u0103 pe data de 21 decembrie 2020.<\/p>\n<h2>Perioada de desf\u0103\u0219urare:<\/h2>\n<p><strong>11 decembrie 2020 &#8211; 21 decembrie 2020<\/strong> &#8211; Str\u00e2ngere de fonduri \u0219i \u00eenscriere voluntari.<br \/>\n<strong>22 decembrie 2020 &#8211; 10 ianuarie 2021<\/strong> &#8211; Asigurarea unei mese \u0219i a unei b\u0103uturi calde \u00eentre orele 21:00 &#8211; 23:59 \u00een fiecare sear\u0103<strong>.<\/strong><\/p>\n<h2>Persoane de contact:<\/h2>\n<p><strong>Marian P\u0103dure\u021b<\/strong><br \/>\nPre\u0219edintele Asocia\u021biei Valoare Plus<br \/>\n(+40)747.120.308 | <a href=\"mailto:contact@valoareplus.ro\">contact@valoareplus.ro<\/a><\/p>\n<\/div><div class=\"fusion-clearfix\"><\/div><\/div><\/div><div class=\"fusion-layout-column fusion_builder_column fusion-builder-column-5 fusion_builder_column_1_2 1_2 fusion-one-half fusion-column-last\" style=\"width:50%;width:calc(50% - ( ( 4% ) * 0.5 ) );margin-top:0px;margin-bottom:20px;\"><div class=\"fusion-column-wrapper fusion-flex-column-wrapper-legacy\" style=\"background-position:left top;background-repeat:no-repeat;-webkit-background-size:cover;-moz-background-size:cover;-o-background-size:cover;background-size:cover;padding: 0px 0px 0px 0px;\"><div class=\"fusion-counters-circle counters-circle\" data-animationOffset=\"top-into-view\"><div class=\"counter-circle-wrapper\" style=\"height:250px;width:250px;\" data-originalsize=\"250\"><div class=\"fusion-counter-circle counter-circle counter-circle-content\" data-percent=\"46\" data-countdown=\"\" data-filledcolor=\"rgba(240,88,88,1)\" data-unfilledcolor=\"rgba(246,246,246,1)\" data-scale=\"1\" data-size=\"250\" data-speed=\"3000\" data-strokesize=\"12.5\" style=\"font-size:56.818181818182px;height:250px;width:250px;\"><div class=\"fusion-counter-circle-content-inner\">5200 lei<\/div><\/div><\/div><\/div><div class=\"fusion-text fusion-text-3\"><h2 style=\"text-align: center;\"><span style=\"color: #ff6633;\"><strong>Suma str\u00e2ns\u0103 p\u00e2n\u0103 \u00een prezent<\/strong><\/span><\/h2>\n<h2 style=\"text-align: center;\"><span style=\"color: #ff6633;\"><strong>Timp r\u0103mas<\/strong><\/span><\/h2>\n<\/div><div class=\"fusion-countdown fusion-countdown-1 fusion-countdown-floated fusion-countdown-label-text_flow\"><div class=\"fusion-countdown-wrapper\"><style type=\"text\/css\">.fusion-countdown-1 {background-color:#ff6633;}.fusion-countdown-1 .fusion-dash-wrapper{padding:5px;}.fusion-countdown-1 .fusion-countdown-counter-wrapper{margin:0 calc(7.5px - 5px);font-size:18px;color:#ffffff;}.fusion-countdown-1 .fusion-dash{background-color:#333333;padding:0.6em 1.1em 0.6em 1.1em;border-radius:4px;}.fusion-countdown-1 .fusion-dash.fusion-dash{border:0px solid #1d242d;}.fusion-countdown-1 .fusion-dash-title,.fusion-countdown-1 .fusion-countdown-heading{font-size:18px;color:#ffffff;}.fusion-countdown-1 .fusion-countdown-subheading{font-size:14px;color:#ffffff;}.fusion-countdown-1  .fusion-countdown-link{color:#ffffff;}<\/style><div class=\"fusion-countdown-counter-wrapper\" id=\"fusion-countdown-1\" style=\"flex-grow: 1;\" data-gmt-offset=\"2\" data-timer=\"2020-12-21-23-59-59\" data-omit-weeks=\"1\"><div class=\"fusion-dash-wrapper \"><div class=\"fusion-dash fusion-dash-days\"><div class=\"fusion-digit-wrapper\"><div class=\"fusion-thousand-digit fusion-digit\">0<\/div><div class=\"fusion-hundred-digit fusion-digit\">0<\/div><div class=\"fusion-digit\">0<\/div><div class=\"fusion-digit\">0<\/div><\/div><div class=\"fusion-dash-title\">Days<\/div><\/div><\/div><div class=\"fusion-dash-wrapper \"><div class=\"fusion-dash fusion-dash-hours\"><div class=\"fusion-digit-wrapper\"><div class=\"fusion-digit\">0<\/div><div class=\"fusion-digit\">0<\/div><\/div><div class=\"fusion-dash-title\">Hrs<\/div><\/div><\/div><div class=\"fusion-dash-wrapper \"><div class=\"fusion-dash fusion-dash-minutes\"><div class=\"fusion-digit-wrapper\"><div class=\"fusion-digit\">0<\/div><div class=\"fusion-digit\">0<\/div><\/div><div class=\"fusion-dash-title\">Min<\/div><\/div><\/div><div class=\"fusion-dash-wrapper \"><div class=\"fusion-dash fusion-dash-seconds\"><div class=\"fusion-digit-wrapper\"><div class=\"fusion-digit\">0<\/div><div class=\"fusion-digit\">0<\/div><\/div><div class=\"fusion-dash-title\">Sec<\/div><\/div><\/div><\/div><\/div><\/div><div class=\"fusion-clearfix\"><\/div><\/div><\/div><\/div><\/div>\n","protected":false},"excerpt":{"rendered":"","protected":false},"author":1,"featured_media":14070,"menu_order":0,"comment_status":"open","ping_status":"closed","template":"","format":"standard","meta":{"footnotes":""},"portfolio_category":[55],"portfolio_skills":[],"portfolio_tags":[],"class_list":["post-14069","avada_portfolio","type-avada_portfolio","status-publish","format-standard","has-post-thumbnail","hentry","portfolio_category-proiecte-incheiate"],"_links":{"self":[{"href":"https:\/\/valoareplus.ro\/index.php?rest_route=\/wp\/v2\/avada_portfolio\/14069","targetHints":{"allow":["GET"]}}],"collection":[{"href":"https:\/\/valoareplus.ro\/index.php?rest_route=\/wp\/v2\/avada_portfolio"}],"about":[{"href":"https:\/\/valoareplus.ro\/index.php?rest_route=\/wp\/v2\/types\/avada_portfolio"}],"author":[{"embeddable":true,"href":"https:\/\/valoareplus.ro\/index.php?rest_route=\/wp\/v2\/users\/1"}],"replies":[{"embeddable":true,"href":"https:\/\/valoareplus.ro\/index.php?rest_route=%2Fwp%2Fv2%2Fcomments&post=14069"}],"version-history":[{"count":12,"href":"https:\/\/valoareplus.ro\/index.php?rest_route=\/wp\/v2\/avada_portfolio\/14069\/revisions"}],"predecessor-version":[{"id":14084,"href":"https:\/\/valoareplus.ro\/index.php?rest_route=\/wp\/v2\/avada_portfolio\/14069\/revisions\/14084"}],"wp:featuredmedia":[{"embeddable":true,"href":"https:\/\/valoareplus.ro\/index.php?rest_route=\/wp\/v2\/media\/14070"}],"wp:attachment":[{"href":"https:\/\/valoareplus.ro\/index.php?rest_route=%2Fwp%2Fv2%2Fmedia&parent=14069"}],"wp:term":[{"taxonomy":"portfolio_category","embeddable":true,"href":"https:\/\/valoareplus.ro\/index.php?rest_route=%2Fwp%2Fv2%2Fportfolio_category&post=14069"},{"taxonomy":"portfolio_skills","embeddable":true,"href":"https:\/\/valoareplus.ro\/index.php?rest_route=%2Fwp%2Fv2%2Fportfolio_skills&post=14069"},{"taxonomy":"portfolio_tags","embeddable":true,"href":"https:\/\/valoareplus.ro\/index.php?rest_route=%2Fwp%2Fv2%2Fportfolio_tags&post=14069"}],"curies":[{"name":"wp","href":"https:\/\/api.w.org\/{rel}","templated":true}]}}

Oferă o masă celor fără casă în iarna 2020

<div class="fusion-fullwidth fullwidth-box fusion-builder-row-1 nonhundred-percent-fullwidth non-hundred-percent-height-scrolling" style="background-color: rgba(255,255,255,0);background-position: center center;background-repeat: no-repeat;padding-top:0px;padding-right:0px;padding-bottom:0px;padding-left:0px;margin-bottom: 0px;margin-top: 0px;border-width: 0px 0px 0px 0px;border-color:#eae9e9;border-style:solid;" ><div class="fusion-builder-row fusion-row"><div class="fusion-layout-column fusion_builder_column fusion-builder-column-0 fusion_builder_column_1_1 1_1 fusion-one-full fusion-column-first fusion-column-last" style="margin-top:0px;margin-bottom:0px;"><div class="fusion-column-wrapper fusion-flex-column-wrapper-legacy" style="background-position:left top;background-repeat:no-repeat;-webkit-background-size:cover;-moz-background-size:cover;-o-background-size:cover;background-size:cover;padding: 0px 0px 0px 0px;"><div class="fusion-text fusion-text-1"><blockquote>
<p>&#8222;Dacă în timpul sărbătorilor de iarnă ai masa încărcată, atunci te provocăm să dăruiești și celor ce nu au casă o masă caldă de sărbători!</p>
<p>În fiecare an am hotărât să desfășurăm campania:&#8221;Oferă o masă celor fără casă!&#8221;, campanie ce își propune să asigure câte o masă și o băutură caldă pentru 40 de persoane în fiecare noapte timp de 20 de nopți pe perioada sărbătorilor de iarnă.&#8221;</p>
<p style="text-align: right;">Marian Pădureț &#8211; președintele Asociației Valoare Plus.</p>
</blockquote>
<h2>Ne puteți sprijini în derularea acestei campanii:</h2>
<ol>
<li>Ajutând ca voluntar într-una din zilele din perioada <strong>22 decembrie &#8211; 10 ianuarie</strong>, între orele 21:00 &#8211; 23:59;</li>
<li>Ajutând la mediatizarea acestei campanii prin <strong>distribuirea</strong> <strong>campaniei</strong>;</li>
<li>Făcând o donație pentru câteva mese. Costul estimat al unei mese este de <strong>14 lei/persoană</strong> și include o masă caldă, apă, transport și altele (medicamente, sau alte nevoi urgente). Donațiile pot fi făcute <a href="https://mpy.ro/ndwa2er" target="_blank" rel="noopener noreferrer">online cu cardul</a>, prin transfer bancar sau direct la sediul Asociației Valoare Plus pe str. Orizontului nr.16 Bacău de luni până vineri între orele 9:00 &#8211; 17:00. <a href="https://valoareplus.ro/?page_id=154" target="_blank" rel="noopener">Detalii complete despre modalitățile de donare aici</a>.</li>
</ol>
<p>Prin campania &#8222;Oferă o masă celor fără casă!&#8221; ne propunem să mobilizăm voluntarii Asociației Valoare Plus și, de asemenea, alte persoane din comunitate care doresc să ne ajute în această cauză, astfel în cât să putem asigura o masă și o băutură caldă la sfârșitul lunii decembrie și începutul noului an, pentru oamenii străzii din municipiul Bacău.</p>
</div><div class="fusion-sep-clear"></div><div class="fusion-separator fusion-full-width-sep" style="margin-left: auto;margin-right: auto;margin-bottom:30px;width:100%;"></div><div class="fusion-sep-clear"></div><div class="fusion-clearfix"></div></div></div><div class="fusion-layout-column fusion_builder_column fusion-builder-column-1 fusion_builder_column_1_2 1_2 fusion-one-half fusion-column-first" style="width:50%;width:calc(50% - ( ( 4% ) * 0.5 ) );margin-right: 4%;margin-top:0px;margin-bottom:20px;"><div class="fusion-column-wrapper fusion-flex-column-wrapper-legacy" style="background-position:left top;background-repeat:no-repeat;-webkit-background-size:cover;-moz-background-size:cover;-o-background-size:cover;background-size:cover;padding: 0px 0px 0px 0px;"><div class="fusion-aligncenter"><style>.fusion-body .fusion-button.button-1 .fusion-button-text{text-transform:uppercase;}</style><a class="fusion-button button-flat button-xlarge button-orange button-1 fusion-button-default-span fusion-button-default-type" target="_blank" rel="noopener noreferrer" title="Ma ofer sa ajut ca voluntar" href="https://forms.gle/LbqzLzehqHyR7USp7"><span class="fusion-button-icon-divider button-icon-divider-left"><i class="fa-hand-holding-heart fas" aria-hidden="true"></i></span><span class="fusion-button-text fusion-button-text-left">Vreau sa ajut ca voluntar</span></a></div><div class="fusion-clearfix"></div></div></div><div class="fusion-layout-column fusion_builder_column fusion-builder-column-2 fusion_builder_column_1_2 1_2 fusion-one-half fusion-column-last" style="width:50%;width:calc(50% - ( ( 4% ) * 0.5 ) );margin-top:0px;margin-bottom:20px;"><div class="fusion-column-wrapper fusion-flex-column-wrapper-legacy" style="background-position:left top;background-repeat:no-repeat;-webkit-background-size:cover;-moz-background-size:cover;-o-background-size:cover;background-size:cover;padding: 0px 0px 0px 0px;"><div class="fusion-aligncenter"><a class="fusion-button button-flat button-xlarge button-blue button-2 fusion-button-default-span fusion-button-default-type" target="_blank" rel="noopener noreferrer" title="Donează pentru câteva mese" href="https://mpy.ro/ndwa2er"><span class="fusion-button-icon-divider button-icon-divider-left"><i class="fa-money-bill-alt far" aria-hidden="true"></i></span><span class="fusion-button-text fusion-button-text-left">Vreau să donez pentru câteva mese calde</span></a></div><div class="fusion-clearfix"></div></div></div><div class="fusion-layout-column fusion_builder_column fusion-builder-column-3 fusion_builder_column_1_1 1_1 fusion-one-full fusion-column-first fusion-column-last" style="margin-top:0px;margin-bottom:20px;"><div class="fusion-column-wrapper fusion-flex-column-wrapper-legacy" style="background-position:left top;background-repeat:no-repeat;-webkit-background-size:cover;-moz-background-size:cover;-o-background-size:cover;background-size:cover;padding: 0px 0px 0px 0px;"><div class="fusion-sep-clear"></div><div class="fusion-separator fusion-full-width-sep" style="margin-left: auto;margin-right: auto;margin-bottom:40px;width:100%;"></div><div class="fusion-sep-clear"></div><div class="fusion-clearfix"></div></div></div><div class="fusion-layout-column fusion_builder_column fusion-builder-column-4 fusion_builder_column_1_2 1_2 fusion-one-half fusion-column-first" style="width:50%;width:calc(50% - ( ( 4% ) * 0.5 ) );margin-right: 4%;margin-top:0px;margin-bottom:20px;"><div class="fusion-column-wrapper fusion-flex-column-wrapper-legacy" style="background-position:left top;background-repeat:no-repeat;-webkit-background-size:cover;-moz-background-size:cover;-o-background-size:cover;background-size:cover;padding: 0px 0px 0px 0px;"><div class="fusion-text fusion-text-2"><h2>Vino alături de noi!</h2>
<p>Bugetul necesar derulării acestei campanii este <strong>11.200 de lei</strong> până pe data de 21 decembrie 2020.</p>
<h2>Perioada de desfășurare:</h2>
<p><strong>11 decembrie 2020 &#8211; 21 decembrie 2020</strong> &#8211; Strângere de fonduri și înscriere voluntari.<br />
<strong>22 decembrie 2020 &#8211; 10 ianuarie 2021</strong> &#8211; Asigurarea unei mese și a unei băuturi calde între orele 21:00 &#8211; 23:59 în fiecare seară<strong>.</strong></p>
<h2>Persoane de contact:</h2>
<p><strong>Marian Pădureț</strong><br />
Președintele Asociației Valoare Plus<br />
(+40)747.120.308 | <a href="mailto:contact@valoareplus.ro">contact@valoareplus.ro</a></p>
</div><div class="fusion-clearfix"></div></div></div><div class="fusion-layout-column fusion_builder_column fusion-builder-column-5 fusion_builder_column_1_2 1_2 fusion-one-half fusion-column-last" style="width:50%;width:calc(50% - ( ( 4% ) * 0.5 ) );margin-top:0px;margin-bottom:20px;"><div class="fusion-column-wrapper fusion-flex-column-wrapper-legacy" style="background-position:left top;background-repeat:no-repeat;-webkit-background-size:cover;-moz-background-size:cover;-o-background-size:cover;background-size:cover;padding: 0px 0px 0px 0px;"><div class="fusion-counters-circle counters-circle" data-animationOffset="top-into-view"><div class="counter-circle-wrapper" style="height:250px;width:250px;" data-originalsize="250"><div class="fusion-counter-circle counter-circle counter-circle-content" data-percent="46" data-countdown="" data-filledcolor="rgba(240,88,88,1)" data-unfilledcolor="rgba(246,246,246,1)" data-scale="1" data-size="250" data-speed="3000" data-strokesize="12.5" style="font-size:56.818181818182px;height:250px;width:250px;"><div class="fusion-counter-circle-content-inner">5200 lei</div></div></div></div><div class="fusion-text fusion-text-3"><h2 style="text-align: center;"><span style="color: #ff6633;"><strong>Suma strânsă până în prezent</strong></span></h2>
<h2 style="text-align: center;"><span style="color: #ff6633;"><strong>Timp rămas</strong></span></h2>
</div><div class="fusion-countdown fusion-countdown-1 fusion-countdown-floated fusion-countdown-label-text_flow"><div class="fusion-countdown-wrapper"><style type="text/css">.fusion-countdown-1 {background-color:#ff6633;}.fusion-countdown-1 .fusion-dash-wrapper{padding:5px;}.fusion-countdown-1 .fusion-countdown-counter-wrapper{margin:0 calc(7.5px - 5px);font-size:18px;color:#ffffff;}.fusion-countdown-1 .fusion-dash{background-color:#333333;padding:0.6em 1.1em 0.6em 1.1em;border-radius:4px;}.fusion-countdown-1 .fusion-dash.fusion-dash{border:0px solid #1d242d;}.fusion-countdown-1 .fusion-dash-title,.fusion-countdown-1 .fusion-countdown-heading{font-size:18px;color:#ffffff;}.fusion-countdown-1 .fusion-countdown-subheading{font-size:14px;color:#ffffff;}.fusion-countdown-1  .fusion-countdown-link{color:#ffffff;}</style><div class="fusion-countdown-counter-wrapper" id="fusion-countdown-1" style="flex-grow: 1;" data-gmt-offset="2" data-timer="2020-12-21-23-59-59" data-omit-weeks="1"><div class="fusion-dash-wrapper "><div class="fusion-dash fusion-dash-days"><div class="fusion-digit-wrapper"><div class="fusion-thousand-digit fusion-digit">0</div><div class="fusion-hundred-digit fusion-digit">0</div><div class="fusion-digit">0</div><div class="fusion-digit">0</div></div><div class="fusion-dash-title">Days</div></div></div><div class="fusion-dash-wrapper "><div class="fusion-dash fusion-dash-hours"><div class="fusion-digit-wrapper"><div class="fusion-digit">0</div><div class="fusion-digit">0</div></div><div class="fusion-dash-title">Hrs</div></div></div><div class="fusion-dash-wrapper "><div class="fusion-dash fusion-dash-minutes"><div class="fusion-digit-wrapper"><div class="fusion-digit">0</div><div class="fusion-digit">0</div></div><div class="fusion-dash-title">Min</div></div></div><div class="fusion-dash-wrapper "><div class="fusion-dash fusion-dash-seconds"><div class="fusion-digit-wrapper"><div class="fusion-digit">0</div><div class="fusion-digit">0</div></div><div class="fusion-dash-title">Sec</div></div></div></div></div></div><div class="fusion-clearfix"></div></div></div></div></div>
