{"id":12083,"date":"2016-08-08T12:26:16","date_gmt":"2016-08-08T10:26:16","guid":{"rendered":"http:\/\/valoareplus.ro\/?post_type=avada_portfolio&#038;p=12083"},"modified":"2016-11-15T12:09:40","modified_gmt":"2016-11-15T10:09:40","slug":"concert-cu-trupa-not-an-idol","status":"publish","type":"avada_portfolio","link":"https:\/\/valoareplus.ro\/?avada_portfolio=concert-cu-trupa-not-an-idol","title":{"rendered":"Concert cu trupa &#8222;Not an idol&#8221;"},"content":{"rendered":"<div class=\"fusion-fullwidth fullwidth-box fusion-builder-row-1 hundred-percent-fullwidth non-hundred-percent-height-scrolling\" style=\"background-color: rgba(255,255,255,0);background-position: center center;background-repeat: no-repeat;padding-top:0px;padding-right:0px;padding-bottom:0px;padding-left:0px;margin-bottom: 0px;margin-top: 0px;border-width: 0px 0px 0px 0px;border-color:#eae9e9;border-style:solid;\" ><div class=\"fusion-builder-row fusion-row\"><div class=\"fusion-layout-column fusion_builder_column fusion-builder-column-0 fusion_builder_column_1_1 1_1 fusion-one-full fusion-column-first fusion-column-last fusion-column-no-min-height\" style=\"margin-top:0px;margin-bottom:0px;\"><div class=\"fusion-column-wrapper fusion-flex-column-wrapper-legacy\" style=\"background-position:left top;background-repeat:no-repeat;-webkit-background-size:cover;-moz-background-size:cover;-o-background-size:cover;background-size:cover;padding: 0px 0px 0px 0px;\"><div class=\"fusion-text fusion-text-1\"><p><span lang=\"ro-RO\"><strong>Vineri, 2 septembrie 2016, ora 19:00, la Teatrul Municipal Bacovia va avea un concert gratuit cu trupa <a href=\"http:\/\/www.notanidol.com\/\">Not an idol<\/a><\/strong>, organizat de Asocia\u0163ia Valoare Plus \u00een parteneriat cu <\/span><a href=\"http:\/\/sfantatreimebacau.ro\/\">Biserica Sf\u00e2nta Treime Bac\u0103u<\/a>.<\/p>\n<p>Prin acest concert ne propunem s\u0103 creem o atmosfer\u0103 pl\u0103cut\u0103, prin care fiecare s\u0103-\u0219i poat\u0103 lua un moment de odihn\u0103 \u0219i\u00a0re\u00eenc\u0103rcare emo\u021bional\u0103 av\u00e2nd \u00een vedere ritmul alert pe care \u00eel are societatea noastr\u0103. Concertul va fi \u00eenso\u021bit \u0219i de un mesaj motiva\u021bional din partea pre\u0219edintelui Asocia\u021biei Valoare Plus, dl. Marian P\u0103dure\u021b.<\/p>\n<p>To\u021bi b\u0103c\u0103uanii sunt invita\u021bi la acest concert.<\/p>\n<p>Intrarea este liber\u0103.<\/p>\n<p>Vezi evenimentul Facebook mai jos:<\/p>\n<\/div><div class=\"imageframe-align-center\"><style>.fusion-image-frame-bottomshadow.image-frame-shadow-1{display:inline-block}.element-bottomshadow.imageframe-1:before, .element-bottomshadow.imageframe-1:after{-webkit-box-shadow: 0 17px 10px rgba(0,0,0,0.4);box-shadow: 0 17px 10px rgba(0,0,0,0.4);}<\/style><div class=\"awb-image-frame awb-image-frame-1 fusion-image-frame-bottomshadow element-bottomshadow image-frame-shadow-1\"><span class=\" fusion-imageframe imageframe-bottomshadow imageframe-1 element-bottomshadow hover-type-zoomin\"><a class=\"fusion-no-lightbox\" href=\"https:\/\/www.facebook.com\/events\/1685596948430353\" target=\"_blank\" rel=\"noopener noreferrer\"><img decoding=\"async\" alt=\"Eveniment Facebook concert Not an idol\" src=\"http:\/\/valoareplus.ro\/new\/wp-content\/uploads\/2016\/08\/eveniment-facebook-concert-not-an-idol.jpg\" class=\"img-responsive\"\/><\/a><\/span><\/div><\/div>\n<p><a href=\"http:\/\/www.notanidol.com\/\">www.notanidol.com<\/a><\/p>\n<p><a href=\"http:\/\/sfantatreimebacau.ro\/\">www.sfantatreimebacau.ro<\/a><div class=\"fusion-clearfix\"><\/div><\/div><\/div><\/div><style type=\"text\/css\">.fusion-fullwidth.fusion-builder-row-1 { overflow:visible; }<\/style><\/div>\n","protected":false},"excerpt":{"rendered":"","protected":false},"author":1,"featured_media":12085,"menu_order":0,"comment_status":"open","ping_status":"closed","template":"","format":"standard","meta":{"footnotes":""},"portfolio_category":[121,55],"portfolio_skills":[],"portfolio_tags":[],"class_list":["post-12083","avada_portfolio","type-avada_portfolio","status-publish","format-standard","has-post-thumbnail","hentry","portfolio_category-concerte","portfolio_category-proiecte-incheiate"],"_links":{"self":[{"href":"https:\/\/valoareplus.ro\/index.php?rest_route=\/wp\/v2\/avada_portfolio\/12083","targetHints":{"allow":["GET"]}}],"collection":[{"href":"https:\/\/valoareplus.ro\/index.php?rest_route=\/wp\/v2\/avada_portfolio"}],"about":[{"href":"https:\/\/valoareplus.ro\/index.php?rest_route=\/wp\/v2\/types\/avada_portfolio"}],"author":[{"embeddable":true,"href":"https:\/\/valoareplus.ro\/index.php?rest_route=\/wp\/v2\/users\/1"}],"replies":[{"embeddable":true,"href":"https:\/\/valoareplus.ro\/index.php?rest_route=%2Fwp%2Fv2%2Fcomments&post=12083"}],"version-history":[{"count":7,"href":"https:\/\/valoareplus.ro\/index.php?rest_route=\/wp\/v2\/avada_portfolio\/12083\/revisions"}],"predecessor-version":[{"id":12208,"href":"https:\/\/valoareplus.ro\/index.php?rest_route=\/wp\/v2\/avada_portfolio\/12083\/revisions\/12208"}],"wp:featuredmedia":[{"embeddable":true,"href":"https:\/\/valoareplus.ro\/index.php?rest_route=\/wp\/v2\/media\/12085"}],"wp:attachment":[{"href":"https:\/\/valoareplus.ro\/index.php?rest_route=%2Fwp%2Fv2%2Fmedia&parent=12083"}],"wp:term":[{"taxonomy":"portfolio_category","embeddable":true,"href":"https:\/\/valoareplus.ro\/index.php?rest_route=%2Fwp%2Fv2%2Fportfolio_category&post=12083"},{"taxonomy":"portfolio_skills","embeddable":true,"href":"https:\/\/valoareplus.ro\/index.php?rest_route=%2Fwp%2Fv2%2Fportfolio_skills&post=12083"},{"taxonomy":"portfolio_tags","embeddable":true,"href":"https:\/\/valoareplus.ro\/index.php?rest_route=%2Fwp%2Fv2%2Fportfolio_tags&post=12083"}],"curies":[{"name":"wp","href":"https:\/\/api.w.org\/{rel}","templated":true}]}}

<div class="fusion-fullwidth fullwidth-box fusion-builder-row-1 hundred-percent-fullwidth non-hundred-percent-height-scrolling" style="background-color: rgba(255,255,255,0);background-position: center center;background-repeat: no-repeat;padding-top:0px;padding-right:0px;padding-bottom:0px;padding-left:0px;margin-bottom: 0px;margin-top: 0px;border-width: 0px 0px 0px 0px;border-color:#eae9e9;border-style:solid;" ><div class="fusion-builder-row fusion-row"><div class="fusion-layout-column fusion_builder_column fusion-builder-column-0 fusion_builder_column_1_1 1_1 fusion-one-full fusion-column-first fusion-column-last fusion-column-no-min-height" style="margin-top:0px;margin-bottom:0px;"><div class="fusion-column-wrapper fusion-flex-column-wrapper-legacy" style="background-position:left top;background-repeat:no-repeat;-webkit-background-size:cover;-moz-background-size:cover;-o-background-size:cover;background-size:cover;padding: 0px 0px 0px 0px;"><div class="fusion-text fusion-text-1"><p><span lang="ro-RO"><strong>Vineri, 2 septembrie 2016, ora 19:00, la Teatrul Municipal Bacovia va avea un concert gratuit cu trupa <a href="http://www.notanidol.com/">Not an idol</a></strong>, organizat de Asociaţia Valoare Plus în parteneriat cu </span><a href="http://sfantatreimebacau.ro/">Biserica Sfânta Treime Bacău</a>.</p>
<p>Prin acest concert ne propunem să creem o atmosferă plăcută, prin care fiecare să-și poată lua un moment de odihnă și reîncărcare emoțională având în vedere ritmul alert pe care îl are societatea noastră. Concertul va fi însoțit și de un mesaj motivațional din partea președintelui Asociației Valoare Plus, dl. Marian Pădureț.</p>
<p>Toți băcăuanii sunt invitați la acest concert.</p>
<p>Intrarea este liberă.</p>
<p>Vezi evenimentul Facebook mai jos:</p>
</div><div class="imageframe-align-center"><style>.fusion-image-frame-bottomshadow.image-frame-shadow-1{display:inline-block}.element-bottomshadow.imageframe-1:before, .element-bottomshadow.imageframe-1:after{-webkit-box-shadow: 0 17px 10px rgba(0,0,0,0.4);box-shadow: 0 17px 10px rgba(0,0,0,0.4);}</style><div class="awb-image-frame awb-image-frame-1 fusion-image-frame-bottomshadow element-bottomshadow image-frame-shadow-1"><span class=" fusion-imageframe imageframe-bottomshadow imageframe-1 element-bottomshadow hover-type-zoomin"><a class="fusion-no-lightbox" href="https://www.facebook.com/events/1685596948430353" target="_blank" rel="noopener noreferrer"><img decoding="async" alt="Eveniment Facebook concert Not an idol" src="http://valoareplus.ro/new/wp-content/uploads/2016/08/eveniment-facebook-concert-not-an-idol.jpg" class="img-responsive"/></a></span></div></div>
<p><a href="http://www.notanidol.com/">www.notanidol.com</a></p>
<p><a href="http://sfantatreimebacau.ro/">www.sfantatreimebacau.ro</a><div class="fusion-clearfix"></div></div></div></div><style type="text/css">.fusion-fullwidth.fusion-builder-row-1 { overflow:visible; }</style></div>
