{"id":11872,"date":"2017-01-05T09:09:42","date_gmt":"2017-01-05T07:09:42","guid":{"rendered":"http:\/\/valoareplus.ro\/?post_type=avada_portfolio&#038;p=11872"},"modified":"2019-12-02T13:21:26","modified_gmt":"2019-12-02T11:21:26","slug":"alo-tata-e-ziua-ta","status":"publish","type":"avada_portfolio","link":"https:\/\/valoareplus.ro\/?avada_portfolio=alo-tata-e-ziua-ta","title":{"rendered":"Alo! Tata! E ziua ta!"},"content":{"rendered":"<div class=\"fusion-fullwidth fullwidth-box fusion-builder-row-1 hundred-percent-fullwidth non-hundred-percent-height-scrolling\" style=\"background-color: rgba(255,255,255,0);background-position: center center;background-repeat: no-repeat;padding-top:0px;padding-right:0px;padding-bottom:0px;padding-left:0px;margin-bottom: 0px;margin-top: 0px;border-width: 0px 0px 0px 0px;border-color:#eae9e9;border-style:solid;\" ><div class=\"fusion-builder-row fusion-row\"><div class=\"fusion-layout-column fusion_builder_column fusion-builder-column-0 fusion_builder_column_1_1 1_1 fusion-one-full fusion-column-first fusion-column-last fusion-column-no-min-height\" style=\"margin-top:0px;margin-bottom:0px;\"><div class=\"fusion-column-wrapper fusion-flex-column-wrapper-legacy\" style=\"background-position:left top;background-repeat:no-repeat;-webkit-background-size:cover;-moz-background-size:cover;-o-background-size:cover;background-size:cover;padding: 0px 0px 0px 0px;\"><div class=\"fusion-text fusion-text-1\"><div class=\"fusion-aligncenter\"><style>.fusion-body .fusion-button.button-1{border-radius:2px 2px 2px 2px;}<\/style><a class=\"fusion-button button-flat button-xlarge button-default button-1 fusion-button-default-span fusion-button-default-type\" target=\"_blank\" rel=\"noopener noreferrer\" title=\"\u00eenscriere ca voluntar \u00een organizare\" href=\"https:\/\/goo.gl\/forms\/mRZ9WOpeIvpywtXm2\"><span class=\"fusion-button-text\">Vreau s\u0103 m\u0103 \u00eenscriu ca voluntar \u00een organizarea evenimentului<\/span><\/a><\/div>\n<p>&nbsp;<\/p>\n<p><strong>Duminic\u0103, 12 mai 2019, orele 15:00 &#8211; 19:00 Asocia\u0163ia Valoare Plus invit\u0103 to\u0163i copii cu t\u0103ticii la distrac\u0163ie \u00een Parcul ,,Mircea Cancicov&#8221; pe aleea principal\u0103 s\u0103 s\u0103rb\u0103torim \u00eempreun\u0103 Ziua Tat\u0103lui.<\/strong><\/p>\n<p>Conform legii adoptate de Guvernul Rom\u00e2niei \u00een anul 2009, \u021bara noastr\u0103 s\u0103rb\u0103tore\u0219te Ziua Tat\u0103lui \u00een a doua duminic\u0103 a lunii mai (c\u00e2teodat\u0103 am\u00e2nat din cauza vremii \u00eentr-o alt\u0103 zi din s\u0103pt\u0103m\u00e2n\u0103)<\/p>\n<p><strong>Asocia\u021bia Valoare Plus<\/strong> sus\u021bine \u0219i promoveaz\u0103 necesitatea prezen\u021bei paterne \u00een procesul de dezvoltare s\u0103n\u0103toas\u0103 a unui copil. Nu este suficient ca tat\u0103l doar s\u0103 existe, ci este imperativ necesar ca el s\u0103 se \u0219i implice \u00eentr-un mod activ \u00een tot ceea ce presupune rela\u021bia cu copiii, cre\u0219terea \u0219i educarea acestora. Tat\u0103l este personajul care influen\u021beaz\u0103 \u00een mod fundamental dezvoltarea copilului, fie prin implicare, fie prin neimplicare.<\/p>\n<p><span style=\"text-decoration: underline;\"><strong>Scopul<\/strong><\/span> evenimentului organizat cu ocazia Zilei Tat\u0103lui este de a aduce \u00een aten\u0163ia opiniei publice responsabilit\u0103\u021bile unui tat\u0103 \u0219i impactul acestuia \u00een cre\u0219terea, dezvoltarea \u0219i formarea armonioas\u0103 a copiilor s\u0103i.<\/p>\n<h2>Participarea publicului la eveniment este <span style=\"color: #ff0000;\"><strong>gratuit\u0103<\/strong><\/span>.<\/h2>\n<p><strong><span style=\"text-decoration: underline;\">Obiectivele evenimentului sunt:<\/span><\/strong><br \/>\n\u2022 Con\u0219tientizarea publicului larg despre importan\u021ba Zilei Tat\u0103lui \u00een Rom\u00e2nia;<br \/>\n\u2022 Motivarea ta\u0163ilor s\u0103 ocupe un rol mai activ \u00een cre\u0219terea copilului;<br \/>\n\u2022 Motivarea mamelor \u0219i a copiilor s\u0103 \u00ee\u0219i exprime aprecierea fa\u021b\u0103 de ta\u021bi;<br \/>\n\u2022 Implicarea t\u0103ticilor \u00eempreun\u0103 cu copiii lor \u00een activit\u0103\u021bi creative \u0219i distractive;<\/p>\n<p><strong><span style=\"text-decoration: underline;\">Valorile sus\u021binute de eveniment sunt:<\/span><\/strong><br \/>\n\u2022 Familia a\u0219a cum este definit\u0103 de Dumnezeu: un b\u0103rbat \u0219i o femeie \u00eempreun\u0103 cu copiii lor;<br \/>\n\u2022 Responsabilitatea p\u0103rin\u021bilor \u00een cre\u0219terea \u015fi dezvoltarea armonioas\u0103 a copilului;<br \/>\n\u2022 Importan\u021ba timpului pe care un tat\u0103 trebuie s\u0103-l dedice copilului pe parcursul dezvolt\u0103rii acestuia;<br \/>\n\u2022 Importan\u0163a comunic\u0103rii \u00eentre tat\u0103 \u0219i copil.<\/p>\n<p><strong><span style=\"text-decoration: underline;\">Grup \u0163int\u0103:<\/span><\/strong><br \/>\n\u2022 Ta\u0163ii \u00eenso\u0163i\u0163i de copii lor<\/p>\n<p><strong><span style=\"text-decoration: underline;\">Activit\u0103\u0163i organizate:<\/span><\/strong><br \/>\n\u2022 Gimnastic\u0103 ritmic\u0103 &#8211; Elena Palc\u0103u<br \/>\n\u2022 Atelier de pictur\u0103 &#8211; Hobby Club Bac\u0103u<br \/>\n\u2022 Atelier de crea\u021bie manual\u0103 &#8211; Andreea Tomegea<br \/>\n\u2022 Educa\u021bie pentru primul ajutor &#8211; Serviciul de Ambulan\u021b\u0103 Bac\u0103u<br \/>\n\u2022 Jocuri distractive &#8211; voluntarii Asocia\u021biei Valoare Plus<br \/>\n\u2022 Tir cu pra\u0219tia<br \/>\n\u2022 Baloane &#8211; Asocia\u021bia Valoare Plus<br \/>\n\u2022 Face painting &#8211; pictur\u0103 facial\u0103 &#8211; voluntarii Asocia\u021biei Valoare Plus<br \/>\n\u2022 Foto booth &#8211; poze haioase cu tata<br \/>\n\u2022 Atelier de t\u00e2mpl\u0103rie<br \/>\n\u2022 Demonstra\u0163ie de arte mar\u0163iale &#8211; C.S. Pheonix Bac\u0103u<\/p>\n<blockquote>\n<p style=\"text-align: center;\">\u201eOric\u0103rui copil \u00eei lipse\u0219te tat\u0103l dac\u0103 nu \u00eel poate admira pe al s\u0103u.\u201d J. Plaquevent<\/p>\n<\/blockquote>\n<p><style type=\"text\/css\"><\/style><div class=\"fusion-title title fusion-title-1 fusion-title-text fusion-title-size-two\" style=\"margin-top:0px;margin-right:0px;margin-bottom:31px;margin-left:0px;\"><h2 class=\"title-heading-left fusion-responsive-typography-calculated\" style=\"margin:0;--fontSize:28;line-height:0.96;\">Click pe imagine pentru a vedea evenimentul Facebook:<\/h2><span class=\"awb-title-spacer\"><\/span><div class=\"title-sep-container\"><div class=\"title-sep sep-double sep-solid\" style=\"border-color:#e0dede;\"><\/div><\/div><\/div>\n<a href=\"https:\/\/www.facebook.com\/events\/442503213155254\/\"><img decoding=\"async\" class=\"aligncenter wp-image-12491 size-full\" src=\"https:\/\/valoareplus.ro\/wp-content\/uploads\/2017\/01\/BANNER-alo-tata2.jpg\" alt=\"\" width=\"1100\" height=\"275\" srcset=\"https:\/\/valoareplus.ro\/wp-content\/uploads\/2017\/01\/BANNER-alo-tata2-200x50.jpg 200w, https:\/\/valoareplus.ro\/wp-content\/uploads\/2017\/01\/BANNER-alo-tata2-300x75.jpg 300w, https:\/\/valoareplus.ro\/wp-content\/uploads\/2017\/01\/BANNER-alo-tata2-400x100.jpg 400w, https:\/\/valoareplus.ro\/wp-content\/uploads\/2017\/01\/BANNER-alo-tata2-600x150.jpg 600w, https:\/\/valoareplus.ro\/wp-content\/uploads\/2017\/01\/BANNER-alo-tata2-768x192.jpg 768w, https:\/\/valoareplus.ro\/wp-content\/uploads\/2017\/01\/BANNER-alo-tata2-800x200.jpg 800w, https:\/\/valoareplus.ro\/wp-content\/uploads\/2017\/01\/BANNER-alo-tata2-1024x256.jpg 1024w, https:\/\/valoareplus.ro\/wp-content\/uploads\/2017\/01\/BANNER-alo-tata2.jpg 1100w\" sizes=\"(max-width: 1100px) 100vw, 1100px\" \/><\/a><\/p>\n<\/div><div class=\"fusion-clearfix\"><\/div><\/div><\/div><div class=\"fusion-layout-column fusion_builder_column fusion-builder-column-1 fusion_builder_column_1_1 1_1 fusion-one-full fusion-column-first fusion-column-last fusion-column-no-min-height\" style=\"margin-top:0px;margin-bottom:0px;\"><div class=\"fusion-column-wrapper fusion-flex-column-wrapper-legacy\" style=\"background-position:left top;background-repeat:no-repeat;-webkit-background-size:cover;-moz-background-size:cover;-o-background-size:cover;background-size:cover;padding: 0px 0px 0px 0px;\"><style type=\"text\/css\"><\/style><div class=\"fusion-title title fusion-title-2 fusion-title-text fusion-title-size-two\" style=\"margin-top:0px;margin-right:0px;margin-bottom:31px;margin-left:0px;\"><h2 class=\"title-heading-left fusion-responsive-typography-calculated\" style=\"margin:0;--fontSize:28;line-height:0.96;\">Regulamentul* evenimentului Alo! Tata! E ziua ta!<\/h2><span class=\"awb-title-spacer\"><\/span><div class=\"title-sep-container\"><div class=\"title-sep sep-double sep-solid\" style=\"border-color:#e0dede;\"><\/div><\/div><\/div><div class=\"fusion-text fusion-text-2\"><p>1. Activit\u0103\u021bile din cadrul evenimentului Alo! Tata! sunt oferite publicului \u00een mod gratuit \u0219i sunt deschise tuturor ta\u0163ilor \u00eenso\u0163i\u0163i de copii lor, indiferent de etnie, religie sau apartenen\u021b\u0103 social\u0103.<br \/>\n2. Copiii vor fi sub responsabilitatea p\u0103rin\u021bilor, respectiv \u00eengrijitorilor, pe tot parcursul activit\u0103\u021bilor derulate din cadrul evenimentului. Organizatorii nu vor fi considera\u021bi responsabili de comportamentul participan\u021bilor din cadrul activit\u0103\u021bilor.<br \/>\n3. Participan\u021bii vor urma instruc\u021biunile organizatorilor pentru fiecare activitate \u00een parte. Cei care nu urmeaz\u0103 instruc\u021biunile vor fi ruga\u021bi s\u0103 p\u0103r\u0103seasc\u0103 activitatea.<br \/>\n4. Primii participan\u021bi sosi\u021bi la o activitate vor avea \u00eent\u00e2ietate pentru participare, ceilal\u021bi urm\u00e2nd s\u0103 \u00ee\u0219i a\u0219tepte r\u00e2ndul. La nevoie, vor fi folosite bilete cu numere de ordine.<br \/>\n5. Participan\u021bii nu vor distruge sau avaria echipamentele folosite la activit\u0103\u021bile oferite.<br \/>\n6. Participan\u021bii vor trata voluntarii implica\u021bi \u00een evenimentul <em>Alo! Tata! E ziua ta!<\/em> cu respect \u015fi polite\u0163e.<br \/>\n7. Participan\u021bii vor da dovad\u0103 de respect fa\u021b\u0103 de loca\u0163ia def\u0103\u015fur\u0103rii evenimentului, Parcul Catedralei, p\u0103str\u00e2nd cur\u0103\u0163enia \u0219i respect\u00e2nd regulamentul Parcului.<br \/>\n8. Reprezentan\u021bii organizatorilor vor face poze pe parcursul evenimentului. Cei care nu doresc s\u0103 li se fac\u0103 poz\u0103 sunt ruga\u021bi s\u0103 exprime acest lucru fotografilor, care vor respecta dorin\u021ba acestora.<br \/>\n9. Participan\u021bii care nu respect\u0103 acest regulament vor fi ruga\u021bi s\u0103 p\u0103r\u0103seasc\u0103 activit\u0103\u021bile din cadrul evenimentului <em>Alo! Tata! E ziua ta!<\/em><\/p>\n<p><strong>*Participarea la acest eveniment implic\u0103 acceptul prezentului regulament<\/strong><\/p>\n<\/div><div class=\"fusion-text fusion-text-3\"><blockquote>\n<p style=\"text-align: center;\">\u201eOrice copil \u00ee\u015fi dore\u015fte un tat\u0103 stabil\u201d<\/p>\n<\/blockquote>\n<p>Voluntarii se pot \u00eenscrie acces\u00e2nd butonul de mai jos:<\/p>\n<div class=\"fusion-aligncenter\"><style>.fusion-body .fusion-button.button-2{border-radius:2px 2px 2px 2px;}<\/style><a class=\"fusion-button button-flat button-xlarge button-default button-2 fusion-button-default-span fusion-button-default-type\" target=\"_blank\" rel=\"noopener noreferrer\" title=\"\u00eenscriere ca voluntar \u00een organizare\" href=\"https:\/\/goo.gl\/forms\/mRZ9WOpeIvpywtXm2\"><span class=\"fusion-button-text\">Vreau s\u0103 m\u0103 \u00eenscriu ca voluntar \u00een organizarea evenimentului<\/span><\/a><\/div>\n<\/div><div class=\"fusion-clearfix\"><\/div><\/div><\/div><\/div><style type=\"text\/css\">.fusion-fullwidth.fusion-builder-row-1 { overflow:visible; }<\/style><\/div>\n","protected":false},"excerpt":{"rendered":"","protected":false},"author":1,"featured_media":12514,"menu_order":0,"comment_status":"open","ping_status":"open","template":"","format":"standard","meta":{"footnotes":""},"portfolio_category":[55],"portfolio_skills":[],"portfolio_tags":[119,58,71],"class_list":["post-11872","avada_portfolio","type-avada_portfolio","status-publish","format-standard","has-post-thumbnail","hentry","portfolio_category-proiecte-incheiate","portfolio_tags-eveniment-public","portfolio_tags-proiect-social","portfolio_tags-voluntariat"],"_links":{"self":[{"href":"https:\/\/valoareplus.ro\/index.php?rest_route=\/wp\/v2\/avada_portfolio\/11872","targetHints":{"allow":["GET"]}}],"collection":[{"href":"https:\/\/valoareplus.ro\/index.php?rest_route=\/wp\/v2\/avada_portfolio"}],"about":[{"href":"https:\/\/valoareplus.ro\/index.php?rest_route=\/wp\/v2\/types\/avada_portfolio"}],"author":[{"embeddable":true,"href":"https:\/\/valoareplus.ro\/index.php?rest_route=\/wp\/v2\/users\/1"}],"replies":[{"embeddable":true,"href":"https:\/\/valoareplus.ro\/index.php?rest_route=%2Fwp%2Fv2%2Fcomments&post=11872"}],"version-history":[{"count":47,"href":"https:\/\/valoareplus.ro\/index.php?rest_route=\/wp\/v2\/avada_portfolio\/11872\/revisions"}],"predecessor-version":[{"id":13888,"href":"https:\/\/valoareplus.ro\/index.php?rest_route=\/wp\/v2\/avada_portfolio\/11872\/revisions\/13888"}],"wp:featuredmedia":[{"embeddable":true,"href":"https:\/\/valoareplus.ro\/index.php?rest_route=\/wp\/v2\/media\/12514"}],"wp:attachment":[{"href":"https:\/\/valoareplus.ro\/index.php?rest_route=%2Fwp%2Fv2%2Fmedia&parent=11872"}],"wp:term":[{"taxonomy":"portfolio_category","embeddable":true,"href":"https:\/\/valoareplus.ro\/index.php?rest_route=%2Fwp%2Fv2%2Fportfolio_category&post=11872"},{"taxonomy":"portfolio_skills","embeddable":true,"href":"https:\/\/valoareplus.ro\/index.php?rest_route=%2Fwp%2Fv2%2Fportfolio_skills&post=11872"},{"taxonomy":"portfolio_tags","embeddable":true,"href":"https:\/\/valoareplus.ro\/index.php?rest_route=%2Fwp%2Fv2%2Fportfolio_tags&post=11872"}],"curies":[{"name":"wp","href":"https:\/\/api.w.org\/{rel}","templated":true}]}}

<div class="fusion-fullwidth fullwidth-box fusion-builder-row-1 hundred-percent-fullwidth non-hundred-percent-height-scrolling" style="background-color: rgba(255,255,255,0);background-position: center center;background-repeat: no-repeat;padding-top:0px;padding-right:0px;padding-bottom:0px;padding-left:0px;margin-bottom: 0px;margin-top: 0px;border-width: 0px 0px 0px 0px;border-color:#eae9e9;border-style:solid;" ><div class="fusion-builder-row fusion-row"><div class="fusion-layout-column fusion_builder_column fusion-builder-column-0 fusion_builder_column_1_1 1_1 fusion-one-full fusion-column-first fusion-column-last fusion-column-no-min-height" style="margin-top:0px;margin-bottom:0px;"><div class="fusion-column-wrapper fusion-flex-column-wrapper-legacy" style="background-position:left top;background-repeat:no-repeat;-webkit-background-size:cover;-moz-background-size:cover;-o-background-size:cover;background-size:cover;padding: 0px 0px 0px 0px;"><div class="fusion-text fusion-text-1"><div class="fusion-aligncenter"><style>.fusion-body .fusion-button.button-1{border-radius:2px 2px 2px 2px;}</style><a class="fusion-button button-flat button-xlarge button-default button-1 fusion-button-default-span fusion-button-default-type" target="_blank" rel="noopener noreferrer" title="înscriere ca voluntar în organizare" href="https://goo.gl/forms/mRZ9WOpeIvpywtXm2"><span class="fusion-button-text">Vreau să mă înscriu ca voluntar în organizarea evenimentului</span></a></div>
<p>&nbsp;</p>
<p><strong>Duminică, 12 mai 2019, orele 15:00 &#8211; 19:00 Asociaţia Valoare Plus invită toţi copii cu tăticii la distracţie în Parcul ,,Mircea Cancicov&#8221; pe aleea principală să sărbătorim împreună Ziua Tatălui.</strong></p>
<p>Conform legii adoptate de Guvernul României în anul 2009, țara noastră sărbătorește Ziua Tatălui în a doua duminică a lunii mai (câteodată amânat din cauza vremii într-o altă zi din săptămână)</p>
<p><strong>Asociația Valoare Plus</strong> susține și promovează necesitatea prezenței paterne în procesul de dezvoltare sănătoasă a unui copil. Nu este suficient ca tatăl doar să existe, ci este imperativ necesar ca el să se și implice într-un mod activ în tot ceea ce presupune relația cu copiii, creșterea și educarea acestora. Tatăl este personajul care influențează în mod fundamental dezvoltarea copilului, fie prin implicare, fie prin neimplicare.</p>
<p><span style="text-decoration: underline;"><strong>Scopul</strong></span> evenimentului organizat cu ocazia Zilei Tatălui este de a aduce în atenţia opiniei publice responsabilitățile unui tată și impactul acestuia în creșterea, dezvoltarea și formarea armonioasă a copiilor săi.</p>
<h2>Participarea publicului la eveniment este <span style="color: #ff0000;"><strong>gratuită</strong></span>.</h2>
<p><strong><span style="text-decoration: underline;">Obiectivele evenimentului sunt:</span></strong><br />
• Conștientizarea publicului larg despre importanța Zilei Tatălui în România;<br />
• Motivarea taţilor să ocupe un rol mai activ în creșterea copilului;<br />
• Motivarea mamelor și a copiilor să își exprime aprecierea față de tați;<br />
• Implicarea tăticilor împreună cu copiii lor în activități creative și distractive;</p>
<p><strong><span style="text-decoration: underline;">Valorile susținute de eveniment sunt:</span></strong><br />
• Familia așa cum este definită de Dumnezeu: un bărbat și o femeie împreună cu copiii lor;<br />
• Responsabilitatea părinților în creșterea şi dezvoltarea armonioasă a copilului;<br />
• Importanța timpului pe care un tată trebuie să-l dedice copilului pe parcursul dezvoltării acestuia;<br />
• Importanţa comunicării între tată și copil.</p>
<p><strong><span style="text-decoration: underline;">Grup ţintă:</span></strong><br />
• Taţii însoţiţi de copii lor</p>
<p><strong><span style="text-decoration: underline;">Activităţi organizate:</span></strong><br />
• Gimnastică ritmică &#8211; Elena Palcău<br />
• Atelier de pictură &#8211; Hobby Club Bacău<br />
• Atelier de creație manuală &#8211; Andreea Tomegea<br />
• Educație pentru primul ajutor &#8211; Serviciul de Ambulanță Bacău<br />
• Jocuri distractive &#8211; voluntarii Asociației Valoare Plus<br />
• Tir cu praștia<br />
• Baloane &#8211; Asociația Valoare Plus<br />
• Face painting &#8211; pictură facială &#8211; voluntarii Asociației Valoare Plus<br />
• Foto booth &#8211; poze haioase cu tata<br />
• Atelier de tâmplărie<br />
• Demonstraţie de arte marţiale &#8211; C.S. Pheonix Bacău</p>
<blockquote>
<p style="text-align: center;">„Oricărui copil îi lipsește tatăl dacă nu îl poate admira pe al său.” J. Plaquevent</p>
</blockquote>
<p><style type="text/css"></style><div class="fusion-title title fusion-title-1 fusion-title-text fusion-title-size-two" style="margin-top:0px;margin-right:0px;margin-bottom:31px;margin-left:0px;"><h2 class="title-heading-left fusion-responsive-typography-calculated" style="margin:0;--fontSize:28;line-height:0.96;">Click pe imagine pentru a vedea evenimentul Facebook:</h2><span class="awb-title-spacer"></span><div class="title-sep-container"><div class="title-sep sep-double sep-solid" style="border-color:#e0dede;"></div></div></div>
<a href="https://www.facebook.com/events/442503213155254/"><img decoding="async" class="aligncenter wp-image-12491 size-full" src="https://valoareplus.ro/wp-content/uploads/2017/01/BANNER-alo-tata2.jpg" alt="" width="1100" height="275" srcset="https://valoareplus.ro/wp-content/uploads/2017/01/BANNER-alo-tata2-200x50.jpg 200w, https://valoareplus.ro/wp-content/uploads/2017/01/BANNER-alo-tata2-300x75.jpg 300w, https://valoareplus.ro/wp-content/uploads/2017/01/BANNER-alo-tata2-400x100.jpg 400w, https://valoareplus.ro/wp-content/uploads/2017/01/BANNER-alo-tata2-600x150.jpg 600w, https://valoareplus.ro/wp-content/uploads/2017/01/BANNER-alo-tata2-768x192.jpg 768w, https://valoareplus.ro/wp-content/uploads/2017/01/BANNER-alo-tata2-800x200.jpg 800w, https://valoareplus.ro/wp-content/uploads/2017/01/BANNER-alo-tata2-1024x256.jpg 1024w, https://valoareplus.ro/wp-content/uploads/2017/01/BANNER-alo-tata2.jpg 1100w" sizes="(max-width: 1100px) 100vw, 1100px" /></a></p>
</div><div class="fusion-clearfix"></div></div></div><div class="fusion-layout-column fusion_builder_column fusion-builder-column-1 fusion_builder_column_1_1 1_1 fusion-one-full fusion-column-first fusion-column-last fusion-column-no-min-height" style="margin-top:0px;margin-bottom:0px;"><div class="fusion-column-wrapper fusion-flex-column-wrapper-legacy" style="background-position:left top;background-repeat:no-repeat;-webkit-background-size:cover;-moz-background-size:cover;-o-background-size:cover;background-size:cover;padding: 0px 0px 0px 0px;"><style type="text/css"></style><div class="fusion-title title fusion-title-2 fusion-title-text fusion-title-size-two" style="margin-top:0px;margin-right:0px;margin-bottom:31px;margin-left:0px;"><h2 class="title-heading-left fusion-responsive-typography-calculated" style="margin:0;--fontSize:28;line-height:0.96;">Regulamentul* evenimentului Alo! Tata! E ziua ta!</h2><span class="awb-title-spacer"></span><div class="title-sep-container"><div class="title-sep sep-double sep-solid" style="border-color:#e0dede;"></div></div></div><div class="fusion-text fusion-text-2"><p>1. Activitățile din cadrul evenimentului Alo! Tata! sunt oferite publicului în mod gratuit și sunt deschise tuturor taţilor însoţiţi de copii lor, indiferent de etnie, religie sau apartenență socială.<br />
2. Copiii vor fi sub responsabilitatea părinților, respectiv îngrijitorilor, pe tot parcursul activităților derulate din cadrul evenimentului. Organizatorii nu vor fi considerați responsabili de comportamentul participanților din cadrul activităților.<br />
3. Participanții vor urma instrucțiunile organizatorilor pentru fiecare activitate în parte. Cei care nu urmează instrucțiunile vor fi rugați să părăsească activitatea.<br />
4. Primii participanți sosiți la o activitate vor avea întâietate pentru participare, ceilalți urmând să își aștepte rândul. La nevoie, vor fi folosite bilete cu numere de ordine.<br />
5. Participanții nu vor distruge sau avaria echipamentele folosite la activitățile oferite.<br />
6. Participanții vor trata voluntarii implicați în evenimentul <em>Alo! Tata! E ziua ta!</em> cu respect şi politeţe.<br />
7. Participanții vor da dovadă de respect față de locaţia defăşurării evenimentului, Parcul Catedralei, păstrând curăţenia și respectând regulamentul Parcului.<br />
8. Reprezentanții organizatorilor vor face poze pe parcursul evenimentului. Cei care nu doresc să li se facă poză sunt rugați să exprime acest lucru fotografilor, care vor respecta dorința acestora.<br />
9. Participanții care nu respectă acest regulament vor fi rugați să părăsească activitățile din cadrul evenimentului <em>Alo! Tata! E ziua ta!</em></p>
<p><strong>*Participarea la acest eveniment implică acceptul prezentului regulament</strong></p>
</div><div class="fusion-text fusion-text-3"><blockquote>
<p style="text-align: center;">„Orice copil îşi doreşte un tată stabil”</p>
</blockquote>
<p>Voluntarii se pot înscrie accesând butonul de mai jos:</p>
<div class="fusion-aligncenter"><style>.fusion-body .fusion-button.button-2{border-radius:2px 2px 2px 2px;}</style><a class="fusion-button button-flat button-xlarge button-default button-2 fusion-button-default-span fusion-button-default-type" target="_blank" rel="noopener noreferrer" title="înscriere ca voluntar în organizare" href="https://goo.gl/forms/mRZ9WOpeIvpywtXm2"><span class="fusion-button-text">Vreau să mă înscriu ca voluntar în organizarea evenimentului</span></a></div>
</div><div class="fusion-clearfix"></div></div></div></div><style type="text/css">.fusion-fullwidth.fusion-builder-row-1 { overflow:visible; }</style></div>
