{"id":11717,"date":"2015-12-04T10:46:12","date_gmt":"2015-12-04T08:46:12","guid":{"rendered":"http:\/\/valoareplus.ro\/?post_type=avada_portfolio&#038;p=11717"},"modified":"2016-11-15T12:09:48","modified_gmt":"2016-11-15T10:09:48","slug":"concerte-e-vremea-colindelor-in-bacau-si-iasi","status":"publish","type":"avada_portfolio","link":"https:\/\/valoareplus.ro\/?avada_portfolio=concerte-e-vremea-colindelor-in-bacau-si-iasi","title":{"rendered":"[Concerte] &#8222;E vremea colindelor&#8221; \u00een Bac\u0103u \u015fi Ia\u015fi"},"content":{"rendered":"<p><div class=\"fusion-fullwidth fullwidth-box fusion-builder-row-1 hundred-percent-fullwidth non-hundred-percent-height-scrolling\" style=\"background-color: rgba(255,255,255,0);background-position: center center;background-repeat: no-repeat;padding-top:0px;padding-right:0px;padding-bottom:0px;padding-left:0px;margin-bottom: 0px;margin-top: 0px;border-width: 0px 0px 0px 0px;border-color:#eae9e9;border-style:solid;\" ><div class=\"fusion-builder-row fusion-row\"><div class=\"fusion-layout-column fusion_builder_column fusion-builder-column-0 fusion_builder_column_1_1 1_1 fusion-one-full fusion-column-first fusion-column-last fusion-column-no-min-height\" style=\"margin-top:0px;margin-bottom:0px;\"><div class=\"fusion-column-wrapper fusion-flex-column-wrapper-legacy\" style=\"background-position:left top;background-repeat:no-repeat;-webkit-background-size:cover;-moz-background-size:cover;-o-background-size:cover;background-size:cover;padding: 0px 0px 0px 0px;\"><div class=\"fusion-text fusion-text-1\"><p><span lang=\"ro-RO\"><strong>S\u00e2mb\u0103t\u0103, 12 decembrie 2015, ora 17:00, la Teatrul Bacovia va avea loc concertul \u201eE vremea Colindelor\u201d<\/strong>, organizat de Asocia\u0163ia Valoare Plus \u00een parteneriat cu <\/span><a href=\"http:\/\/sfantatreimebacau.ro\/\">Biserica Sf\u00e2nta Treime Bac\u0103u<\/a>\u00a0\u015fi No Shoes Night. Acela\u015fi concert va avea loc \u015fi pe 13 decembrie, ora 17:00 la Ia\u015fi, \u00een incinta Teatrului Luceaf\u0103rul.<\/p>\n<p>Organizatorii evenimentului \u00ee\u015fi propun s\u0103 \u00eendrepte privirea societ\u0103\u0163ii spre adev\u0103rata semnifica\u0163ie a Cr\u0103ciunului printr-o atmosfer\u0103 cald\u0103, plin\u0103 de farmec, aduc\u00e2nd \u00een centrul aten\u0163iei importan\u0163a Na\u015fterii Domnului Iisus.<\/p>\n<blockquote>\n<p><i>&#8222;Prin organizarea acestor concerte gratuite, ne dorim s\u0103 <strong>mul\u0163umim tuturor voluntarilor \u015fi sponsorilor<\/strong> care ne-au sus\u0163inut \u00een proiectele anului 2015 \u015fi \u00een acela\u0219i timp,\u00a0s\u0103 fim un motiv de bucurie pentru comunitatea din care facem parte celebr\u00e2nd \u00eempreun\u0103 sosirea Cr\u0103ciunului&#8221;, <\/i>afirm\u0103 Daniel-Marian P\u0103dure\u0163 &#8211; pre\u015fedintele Valoare Plus<\/p>\n<\/blockquote>\n<p>\u00cenvita\u0163ii speciali care vor evolua pe scen\u0103 sunt: <a href=\"http:\/\/www.theineloquent.com\/\" target=\"_blank\">trupa The Ineloquent<\/a>, <a href=\"http:\/\/www.rochris.ro\/\" target=\"_blank\">Chris<\/a> (Cristian Muraru), Filadelfia Band, Timotei Dinic\u0103 (vioar\u0103) \u015fi Abel P\u0103dure\u0163 (tobe).<\/p>\n<p>B\u0103c\u0103uanii sunt a\u015ftepta\u0163i s\u0103 se al\u0103ture interpre\u0163ilor pentru a se bucura de frumuse\u0163ea colindelor rom\u00e2ne\u015fti. Intrarea este liber\u0103.<\/p>\n<\/div><div class=\"fusion-clearfix\"><\/div><\/div><\/div><\/div><style type=\"text\/css\">.fusion-fullwidth.fusion-builder-row-1 { overflow:visible; }<\/style><\/div><div class=\"fusion-fullwidth fullwidth-box fusion-builder-row-2 nonhundred-percent-fullwidth non-hundred-percent-height-scrolling\" style=\"background-color: rgba(255,255,255,0);background-position: left top;background-repeat: no-repeat;padding-top:20px;padding-right:0px;padding-bottom:20px;padding-left:0px;margin-bottom: 0px;margin-top: 0px;border-width: 0px 0px 0px 0px;border-color:#eae9e9;border-style:solid;\" ><div class=\"fusion-builder-row fusion-row\"><div class=\"fusion-layout-column fusion_builder_column fusion-builder-column-1 fusion_builder_column_1_2 1_2 fusion-one-half fusion-column-first\" style=\"width:48%; margin-right: 4%;margin-top:0px;margin-bottom:20px;\"><div class=\"fusion-column-wrapper fusion-flex-column-wrapper-legacy\" style=\"background-position:left top;background-repeat:no-repeat;-webkit-background-size:cover;-moz-background-size:cover;-o-background-size:cover;background-size:cover;padding: 0px 0px 0px 0px;\"><style>.fusion-image-frame-bottomshadow.image-frame-shadow-1{display:inline-block}.element-bottomshadow.imageframe-1:before, .element-bottomshadow.imageframe-1:after{-webkit-box-shadow: 0 17px 10px rgba(0,0,0,0.4);box-shadow: 0 17px 10px rgba(0,0,0,0.4);}<\/style><div class=\"awb-image-frame awb-image-frame-1 fusion-image-frame-bottomshadow image-frame-shadow-1\"><span class=\" fusion-imageframe imageframe-bottomshadow imageframe-1 element-bottomshadow hover-type-none\"><a href=\"http:\/\/valoareplus.ro\/new\/wp-content\/uploads\/2015\/12\/E-vremea-colindelor-Bacau.jpg\" class=\"fusion-lightbox\" data-rel=\"iLightbox[7cf26b2a7f5f8794c13]\"><img decoding=\"async\" alt=\"Afis e vremea colindelor Bacau\" src=\"http:\/\/valoareplus.ro\/new\/wp-content\/uploads\/2015\/12\/E-vremea-colindelor-Bacau.jpg\" class=\"img-responsive\"\/><\/a><\/span><\/div><div class=\"fusion-button-wrapper\"><style>.fusion-body .fusion-button.button-1{border-radius:2px 2px 2px 2px;}<\/style><a class=\"fusion-button button-flat button-xlarge button-default button-1 fusion-button-default-span fusion-button-default-type\" target=\"_blank\" rel=\"noopener noreferrer\" title=\"Vezi evenimentul Facebook din Bac\u0103u\" href=\"https:\/\/www.facebook.com\/events\/1510794592582830\/\"><span class=\"fusion-button-text\">Vezi evenimentul Facebook din Bac\u0103u<\/span><\/a><\/div><div class=\"fusion-clearfix\"><\/div><\/div><\/div><div class=\"fusion-layout-column fusion_builder_column fusion-builder-column-2 fusion_builder_column_1_2 1_2 fusion-one-half fusion-column-last\" style=\"width:48%;margin-top:0px;margin-bottom:20px;\"><div class=\"fusion-column-wrapper fusion-flex-column-wrapper-legacy\" style=\"background-position:left top;background-repeat:no-repeat;-webkit-background-size:cover;-moz-background-size:cover;-o-background-size:cover;background-size:cover;padding: 0px 0px 0px 0px;\"><style>.fusion-image-frame-bottomshadow.image-frame-shadow-2{display:inline-block}.element-bottomshadow.imageframe-2:before, .element-bottomshadow.imageframe-2:after{-webkit-box-shadow: 0 17px 10px rgba(0,0,0,0.4);box-shadow: 0 17px 10px rgba(0,0,0,0.4);}<\/style><div class=\"awb-image-frame awb-image-frame-2 fusion-image-frame-bottomshadow image-frame-shadow-2\"><span class=\" fusion-imageframe imageframe-bottomshadow imageframe-2 element-bottomshadow hover-type-none\"><a href=\"http:\/\/valoareplus.ro\/new\/wp-content\/uploads\/2015\/12\/E-vremea-colindelor-Iasi.jpg\" class=\"fusion-lightbox\" data-rel=\"iLightbox[02b721675bbb113cffd]\"><img decoding=\"async\" alt=\"Afis e vreama colindelor iasi\" src=\"http:\/\/valoareplus.ro\/new\/wp-content\/uploads\/2015\/12\/E-vremea-colindelor-Iasi.jpg\" class=\"img-responsive\"\/><\/a><\/span><\/div><div class=\"fusion-button-wrapper\"><style>.fusion-body .fusion-button.button-2{border-radius:2px 2px 2px 2px;}<\/style><a class=\"fusion-button button-flat button-xlarge button-default button-2 fusion-button-default-span fusion-button-default-type\" target=\"_blank\" rel=\"noopener noreferrer\" title=\"Vezi evenimentul Facebook din Ia\u015fi\" href=\"https:\/\/www.facebook.com\/events\/1484200915219988\/\"><span class=\"fusion-button-text\">Vezi evenimentul Facebook din Ia\u015fi<\/span><\/a><\/div><div class=\"fusion-clearfix\"><\/div><\/div><\/div><\/div><\/div><div class=\"fusion-fullwidth fullwidth-box fusion-builder-row-3 hundred-percent-fullwidth non-hundred-percent-height-scrolling\" style=\"background-color: rgba(255,255,255,0);background-position: center center;background-repeat: no-repeat;padding-top:0px;padding-right:0px;padding-bottom:0px;padding-left:0px;margin-bottom: 0px;margin-top: 0px;border-width: 0px 0px 0px 0px;border-color:#eae9e9;border-style:solid;\" ><div class=\"fusion-builder-row fusion-row\"><div class=\"fusion-layout-column fusion_builder_column fusion-builder-column-3 fusion_builder_column_1_1 1_1 fusion-one-full fusion-column-first fusion-column-last fusion-column-no-min-height\" style=\"margin-top:0px;margin-bottom:0px;\"><div class=\"fusion-column-wrapper fusion-flex-column-wrapper-legacy\" style=\"background-position:left top;background-repeat:no-repeat;-webkit-background-size:cover;-moz-background-size:cover;-o-background-size:cover;background-size:cover;padding: 0px 0px 0px 0px;\"><div class=\"fusion-text fusion-text-2\"><h4>Concertele sunt organizate \u00een parteneriat cu <a href=\"http:\/\/sfantatreimebacau.ro\/\" target=\"_blank\">Biserica Sf\u00e2nta Treime Bac\u0103u<\/a> \u015fi No Shoes Night.<\/h4>\n<\/div><div class=\"fusion-clearfix\"><\/div><\/div><\/div><\/div><style type=\"text\/css\">.fusion-fullwidth.fusion-builder-row-3 { overflow:visible; }<\/style><\/div><\/p>\n","protected":false},"excerpt":{"rendered":"","protected":false},"author":1,"featured_media":11720,"menu_order":0,"comment_status":"open","ping_status":"closed","template":"","format":"standard","meta":{"footnotes":""},"portfolio_category":[55],"portfolio_skills":[],"portfolio_tags":[],"class_list":["post-11717","avada_portfolio","type-avada_portfolio","status-publish","format-standard","has-post-thumbnail","hentry","portfolio_category-proiecte-incheiate"],"_links":{"self":[{"href":"https:\/\/valoareplus.ro\/index.php?rest_route=\/wp\/v2\/avada_portfolio\/11717","targetHints":{"allow":["GET"]}}],"collection":[{"href":"https:\/\/valoareplus.ro\/index.php?rest_route=\/wp\/v2\/avada_portfolio"}],"about":[{"href":"https:\/\/valoareplus.ro\/index.php?rest_route=\/wp\/v2\/types\/avada_portfolio"}],"author":[{"embeddable":true,"href":"https:\/\/valoareplus.ro\/index.php?rest_route=\/wp\/v2\/users\/1"}],"replies":[{"embeddable":true,"href":"https:\/\/valoareplus.ro\/index.php?rest_route=%2Fwp%2Fv2%2Fcomments&post=11717"}],"version-history":[{"count":18,"href":"https:\/\/valoareplus.ro\/index.php?rest_route=\/wp\/v2\/avada_portfolio\/11717\/revisions"}],"predecessor-version":[{"id":12222,"href":"https:\/\/valoareplus.ro\/index.php?rest_route=\/wp\/v2\/avada_portfolio\/11717\/revisions\/12222"}],"wp:featuredmedia":[{"embeddable":true,"href":"https:\/\/valoareplus.ro\/index.php?rest_route=\/wp\/v2\/media\/11720"}],"wp:attachment":[{"href":"https:\/\/valoareplus.ro\/index.php?rest_route=%2Fwp%2Fv2%2Fmedia&parent=11717"}],"wp:term":[{"taxonomy":"portfolio_category","embeddable":true,"href":"https:\/\/valoareplus.ro\/index.php?rest_route=%2Fwp%2Fv2%2Fportfolio_category&post=11717"},{"taxonomy":"portfolio_skills","embeddable":true,"href":"https:\/\/valoareplus.ro\/index.php?rest_route=%2Fwp%2Fv2%2Fportfolio_skills&post=11717"},{"taxonomy":"portfolio_tags","embeddable":true,"href":"https:\/\/valoareplus.ro\/index.php?rest_route=%2Fwp%2Fv2%2Fportfolio_tags&post=11717"}],"curies":[{"name":"wp","href":"https:\/\/api.w.org\/{rel}","templated":true}]}}

[Concerte] &#8222;E vremea colindelor&#8221; în Bacău şi Iaşi

<p><div class="fusion-fullwidth fullwidth-box fusion-builder-row-1 hundred-percent-fullwidth non-hundred-percent-height-scrolling" style="background-color: rgba(255,255,255,0);background-position: center center;background-repeat: no-repeat;padding-top:0px;padding-right:0px;padding-bottom:0px;padding-left:0px;margin-bottom: 0px;margin-top: 0px;border-width: 0px 0px 0px 0px;border-color:#eae9e9;border-style:solid;" ><div class="fusion-builder-row fusion-row"><div class="fusion-layout-column fusion_builder_column fusion-builder-column-0 fusion_builder_column_1_1 1_1 fusion-one-full fusion-column-first fusion-column-last fusion-column-no-min-height" style="margin-top:0px;margin-bottom:0px;"><div class="fusion-column-wrapper fusion-flex-column-wrapper-legacy" style="background-position:left top;background-repeat:no-repeat;-webkit-background-size:cover;-moz-background-size:cover;-o-background-size:cover;background-size:cover;padding: 0px 0px 0px 0px;"><div class="fusion-text fusion-text-1"><p><span lang="ro-RO"><strong>Sâmbătă, 12 decembrie 2015, ora 17:00, la Teatrul Bacovia va avea loc concertul „E vremea Colindelor”</strong>, organizat de Asociaţia Valoare Plus în parteneriat cu </span><a href="http://sfantatreimebacau.ro/">Biserica Sfânta Treime Bacău</a> şi No Shoes Night. Acelaşi concert va avea loc şi pe 13 decembrie, ora 17:00 la Iaşi, în incinta Teatrului Luceafărul.</p>
<p>Organizatorii evenimentului îşi propun să îndrepte privirea societăţii spre adevărata semnificaţie a Crăciunului printr-o atmosferă caldă, plină de farmec, aducând în centrul atenţiei importanţa Naşterii Domnului Iisus.</p>
<blockquote>
<p><i>&#8222;Prin organizarea acestor concerte gratuite, ne dorim să <strong>mulţumim tuturor voluntarilor şi sponsorilor</strong> care ne-au susţinut în proiectele anului 2015 şi în același timp, să fim un motiv de bucurie pentru comunitatea din care facem parte celebrând împreună sosirea Crăciunului&#8221;, </i>afirmă Daniel-Marian Pădureţ &#8211; preşedintele Valoare Plus</p>
</blockquote>
<p>Învitaţii speciali care vor evolua pe scenă sunt: <a href="http://www.theineloquent.com/" target="_blank">trupa The Ineloquent</a>, <a href="http://www.rochris.ro/" target="_blank">Chris</a> (Cristian Muraru), Filadelfia Band, Timotei Dinică (vioară) şi Abel Pădureţ (tobe).</p>
<p>Băcăuanii sunt aşteptaţi să se alăture interpreţilor pentru a se bucura de frumuseţea colindelor româneşti. Intrarea este liberă.</p>
</div><div class="fusion-clearfix"></div></div></div></div><style type="text/css">.fusion-fullwidth.fusion-builder-row-1 { overflow:visible; }</style></div><div class="fusion-fullwidth fullwidth-box fusion-builder-row-2 nonhundred-percent-fullwidth non-hundred-percent-height-scrolling" style="background-color: rgba(255,255,255,0);background-position: left top;background-repeat: no-repeat;padding-top:20px;padding-right:0px;padding-bottom:20px;padding-left:0px;margin-bottom: 0px;margin-top: 0px;border-width: 0px 0px 0px 0px;border-color:#eae9e9;border-style:solid;" ><div class="fusion-builder-row fusion-row"><div class="fusion-layout-column fusion_builder_column fusion-builder-column-1 fusion_builder_column_1_2 1_2 fusion-one-half fusion-column-first" style="width:48%; margin-right: 4%;margin-top:0px;margin-bottom:20px;"><div class="fusion-column-wrapper fusion-flex-column-wrapper-legacy" style="background-position:left top;background-repeat:no-repeat;-webkit-background-size:cover;-moz-background-size:cover;-o-background-size:cover;background-size:cover;padding: 0px 0px 0px 0px;"><style>.fusion-image-frame-bottomshadow.image-frame-shadow-1{display:inline-block}.element-bottomshadow.imageframe-1:before, .element-bottomshadow.imageframe-1:after{-webkit-box-shadow: 0 17px 10px rgba(0,0,0,0.4);box-shadow: 0 17px 10px rgba(0,0,0,0.4);}</style><div class="awb-image-frame awb-image-frame-1 fusion-image-frame-bottomshadow image-frame-shadow-1"><span class=" fusion-imageframe imageframe-bottomshadow imageframe-1 element-bottomshadow hover-type-none"><a href="http://valoareplus.ro/new/wp-content/uploads/2015/12/E-vremea-colindelor-Bacau.jpg" class="fusion-lightbox" data-rel="iLightbox[7cf26b2a7f5f8794c13]"><img decoding="async" alt="Afis e vremea colindelor Bacau" src="http://valoareplus.ro/new/wp-content/uploads/2015/12/E-vremea-colindelor-Bacau.jpg" class="img-responsive"/></a></span></div><div class="fusion-button-wrapper"><style>.fusion-body .fusion-button.button-1{border-radius:2px 2px 2px 2px;}</style><a class="fusion-button button-flat button-xlarge button-default button-1 fusion-button-default-span fusion-button-default-type" target="_blank" rel="noopener noreferrer" title="Vezi evenimentul Facebook din Bacău" href="https://www.facebook.com/events/1510794592582830/"><span class="fusion-button-text">Vezi evenimentul Facebook din Bacău</span></a></div><div class="fusion-clearfix"></div></div></div><div class="fusion-layout-column fusion_builder_column fusion-builder-column-2 fusion_builder_column_1_2 1_2 fusion-one-half fusion-column-last" style="width:48%;margin-top:0px;margin-bottom:20px;"><div class="fusion-column-wrapper fusion-flex-column-wrapper-legacy" style="background-position:left top;background-repeat:no-repeat;-webkit-background-size:cover;-moz-background-size:cover;-o-background-size:cover;background-size:cover;padding: 0px 0px 0px 0px;"><style>.fusion-image-frame-bottomshadow.image-frame-shadow-2{display:inline-block}.element-bottomshadow.imageframe-2:before, .element-bottomshadow.imageframe-2:after{-webkit-box-shadow: 0 17px 10px rgba(0,0,0,0.4);box-shadow: 0 17px 10px rgba(0,0,0,0.4);}</style><div class="awb-image-frame awb-image-frame-2 fusion-image-frame-bottomshadow image-frame-shadow-2"><span class=" fusion-imageframe imageframe-bottomshadow imageframe-2 element-bottomshadow hover-type-none"><a href="http://valoareplus.ro/new/wp-content/uploads/2015/12/E-vremea-colindelor-Iasi.jpg" class="fusion-lightbox" data-rel="iLightbox[02b721675bbb113cffd]"><img decoding="async" alt="Afis e vreama colindelor iasi" src="http://valoareplus.ro/new/wp-content/uploads/2015/12/E-vremea-colindelor-Iasi.jpg" class="img-responsive"/></a></span></div><div class="fusion-button-wrapper"><style>.fusion-body .fusion-button.button-2{border-radius:2px 2px 2px 2px;}</style><a class="fusion-button button-flat button-xlarge button-default button-2 fusion-button-default-span fusion-button-default-type" target="_blank" rel="noopener noreferrer" title="Vezi evenimentul Facebook din Iaşi" href="https://www.facebook.com/events/1484200915219988/"><span class="fusion-button-text">Vezi evenimentul Facebook din Iaşi</span></a></div><div class="fusion-clearfix"></div></div></div></div></div><div class="fusion-fullwidth fullwidth-box fusion-builder-row-3 hundred-percent-fullwidth non-hundred-percent-height-scrolling" style="background-color: rgba(255,255,255,0);background-position: center center;background-repeat: no-repeat;padding-top:0px;padding-right:0px;padding-bottom:0px;padding-left:0px;margin-bottom: 0px;margin-top: 0px;border-width: 0px 0px 0px 0px;border-color:#eae9e9;border-style:solid;" ><div class="fusion-builder-row fusion-row"><div class="fusion-layout-column fusion_builder_column fusion-builder-column-3 fusion_builder_column_1_1 1_1 fusion-one-full fusion-column-first fusion-column-last fusion-column-no-min-height" style="margin-top:0px;margin-bottom:0px;"><div class="fusion-column-wrapper fusion-flex-column-wrapper-legacy" style="background-position:left top;background-repeat:no-repeat;-webkit-background-size:cover;-moz-background-size:cover;-o-background-size:cover;background-size:cover;padding: 0px 0px 0px 0px;"><div class="fusion-text fusion-text-2"><h4>Concertele sunt organizate în parteneriat cu <a href="http://sfantatreimebacau.ro/" target="_blank">Biserica Sfânta Treime Bacău</a> şi No Shoes Night.</h4>
</div><div class="fusion-clearfix"></div></div></div></div><style type="text/css">.fusion-fullwidth.fusion-builder-row-3 { overflow:visible; }</style></div></p>
