{"id":11016,"date":"2014-12-15T13:10:57","date_gmt":"2014-12-15T11:10:57","guid":{"rendered":"http:\/\/valoareplus.ro\/new\/?post_type=avada_portfolio&#038;p=11016"},"modified":"2016-11-15T12:09:55","modified_gmt":"2016-11-15T10:09:55","slug":"imparte-bucurii-2014","status":"publish","type":"avada_portfolio","link":"https:\/\/valoareplus.ro\/?avada_portfolio=imparte-bucurii-2014","title":{"rendered":"\u00cemparte bucurii 2014"},"content":{"rendered":"<div class=\"fusion-fullwidth fullwidth-box fusion-builder-row-1 hundred-percent-fullwidth non-hundred-percent-height-scrolling\" style=\"background-color: rgba(255,255,255,0);background-position: center center;background-repeat: no-repeat;padding-top:0px;padding-right:0px;padding-bottom:0px;padding-left:0px;margin-bottom: 0px;margin-top: 0px;border-width: 0px 0px 0px 0px;border-color:#eae9e9;border-style:solid;\" ><div class=\"fusion-builder-row fusion-row\"><div class=\"fusion-layout-column fusion_builder_column fusion-builder-column-0 fusion_builder_column_1_1 1_1 fusion-one-full fusion-column-first fusion-column-last fusion-column-no-min-height\" style=\"margin-top:0px;margin-bottom:0px;\"><div class=\"fusion-column-wrapper fusion-flex-column-wrapper-legacy\" style=\"background-position:left top;background-repeat:no-repeat;-webkit-background-size:cover;-moz-background-size:cover;-o-background-size:cover;background-size:cover;padding: 0px 0px 0px 0px;\"><div class=\"fusion-text fusion-text-1\"><div style=\"text-align:center;\" class=\"alignright\"><img decoding=\"async\" border=\"0\" src=\"http:\/\/thermometer.fund-raising-ideas-center.com\/thermometer.php?currency=euro&#038;goal=1000&#038;current=1000&#038;color=red&#038;size=large\"><\/p>\n<p style=\"font-size:.8em; color:#999\">Provided by<a href=\"http:\/\/www.fund-raising-ideas-center.com\/\" rel=\"nofollow\" style=\"display:block; text-decoration:none; font-size:.8em; color:#999\" target=\"_blank\">Fund-Raising-Ideas-Center.com<\/a><\/p>\n<\/div>\n<p>Fiecare dintre noi am fost ajuta\u021bi la un moment dat.<br \/>\n\u0218tim to\u021bi ce \u00eenseamn\u0103 acest lucru.<br \/>\nF\u0103 \u0219i tu acum o fapt\u0103 bun\u0103 \u0219i fii al\u0103turi de noi \u00een campania:<br \/>\n<strong>\u201c\u00cemparte Bucurii &#8211; ajut\u0103 cu alimente o familie de s\u0103rb\u0103tori\u201c<\/strong><\/p>\n<p><strong>Perioada de desf\u0103\u0219urare:<\/strong><br \/>\n<em>01 Decembrie &#8211; 20 Decembrie \u2013 str\u00e2ngerea dona\u021biilor<br \/>\n20 Decembrie \u2013 23 Decembrie \u2013 \u00eemp\u0103r\u021birea alimentelor<\/em><\/p>\n<p><strong>Scopul campaniei:<\/strong> ne propunem s\u0103 ajut\u0103m un numar de 40 de familii s\u0103race , cu un pachet de alimente \u00eenainte de s\u0103rb\u0103tori<\/p>\n<p><strong>Con\u021binutul unui pachet de alimente:<\/strong> ulei, f\u0103ina de gr\u00e2u, fain\u0103 de porumb, zah\u0103r, bulion, unt, orez \u0219i dulciuri pentru copii.<\/p>\n<p><strong>Costul:<\/strong> fiecare pachet va costa aproximativ <strong>100 ron (25\u20ac)<\/strong><\/p>\n<p><strong>Este nevoie de:<\/strong><\/p>\n<ul>\n<li>10 persoane care s\u0103 doneze c\u00e2te 25 de euro<\/li>\n<li>5 Persoane care s\u0103 doneze c\u00e2te 50 euro<\/li>\n<li>5 persoane care s\u0103 doneze c\u00e2te 100 euro<\/li>\n<\/ul>\n<h1>Suma propus\u0103 a fost atins\u0103. Mul\u0163umim tututror donatorilor<\/h1>\n<hr \/>\n<h2>Mai jos g\u0103si\u0163i clipul campaniei:<\/h2>\n<\/div>\n<iframe width=\"640\" height=\"480\" src=\"https:\/\/www.youtube.com\/embed\/kFVxud7qAGw?rel=0\" frameborder=\"0\" allowfullscreen><\/iframe><div class=\"fusion-clearfix\"><\/div><\/div><\/div><\/div><style type=\"text\/css\">.fusion-fullwidth.fusion-builder-row-1 { overflow:visible; }<\/style><\/div>\n","protected":false},"excerpt":{"rendered":"","protected":false},"author":1,"featured_media":11209,"menu_order":0,"comment_status":"open","ping_status":"closed","template":"","format":"standard","meta":{"footnotes":""},"portfolio_category":[55],"portfolio_skills":[],"portfolio_tags":[67,58],"class_list":["post-11016","avada_portfolio","type-avada_portfolio","status-publish","format-standard","has-post-thumbnail","hentry","portfolio_category-proiecte-incheiate","portfolio_tags-donatie","portfolio_tags-proiect-social"],"_links":{"self":[{"href":"https:\/\/valoareplus.ro\/index.php?rest_route=\/wp\/v2\/avada_portfolio\/11016","targetHints":{"allow":["GET"]}}],"collection":[{"href":"https:\/\/valoareplus.ro\/index.php?rest_route=\/wp\/v2\/avada_portfolio"}],"about":[{"href":"https:\/\/valoareplus.ro\/index.php?rest_route=\/wp\/v2\/types\/avada_portfolio"}],"author":[{"embeddable":true,"href":"https:\/\/valoareplus.ro\/index.php?rest_route=\/wp\/v2\/users\/1"}],"replies":[{"embeddable":true,"href":"https:\/\/valoareplus.ro\/index.php?rest_route=%2Fwp%2Fv2%2Fcomments&post=11016"}],"version-history":[{"count":9,"href":"https:\/\/valoareplus.ro\/index.php?rest_route=\/wp\/v2\/avada_portfolio\/11016\/revisions"}],"predecessor-version":[{"id":12235,"href":"https:\/\/valoareplus.ro\/index.php?rest_route=\/wp\/v2\/avada_portfolio\/11016\/revisions\/12235"}],"wp:featuredmedia":[{"embeddable":true,"href":"https:\/\/valoareplus.ro\/index.php?rest_route=\/wp\/v2\/media\/11209"}],"wp:attachment":[{"href":"https:\/\/valoareplus.ro\/index.php?rest_route=%2Fwp%2Fv2%2Fmedia&parent=11016"}],"wp:term":[{"taxonomy":"portfolio_category","embeddable":true,"href":"https:\/\/valoareplus.ro\/index.php?rest_route=%2Fwp%2Fv2%2Fportfolio_category&post=11016"},{"taxonomy":"portfolio_skills","embeddable":true,"href":"https:\/\/valoareplus.ro\/index.php?rest_route=%2Fwp%2Fv2%2Fportfolio_skills&post=11016"},{"taxonomy":"portfolio_tags","embeddable":true,"href":"https:\/\/valoareplus.ro\/index.php?rest_route=%2Fwp%2Fv2%2Fportfolio_tags&post=11016"}],"curies":[{"name":"wp","href":"https:\/\/api.w.org\/{rel}","templated":true}]}}

Împarte bucurii 2014

<div class="fusion-fullwidth fullwidth-box fusion-builder-row-1 hundred-percent-fullwidth non-hundred-percent-height-scrolling" style="background-color: rgba(255,255,255,0);background-position: center center;background-repeat: no-repeat;padding-top:0px;padding-right:0px;padding-bottom:0px;padding-left:0px;margin-bottom: 0px;margin-top: 0px;border-width: 0px 0px 0px 0px;border-color:#eae9e9;border-style:solid;" ><div class="fusion-builder-row fusion-row"><div class="fusion-layout-column fusion_builder_column fusion-builder-column-0 fusion_builder_column_1_1 1_1 fusion-one-full fusion-column-first fusion-column-last fusion-column-no-min-height" style="margin-top:0px;margin-bottom:0px;"><div class="fusion-column-wrapper fusion-flex-column-wrapper-legacy" style="background-position:left top;background-repeat:no-repeat;-webkit-background-size:cover;-moz-background-size:cover;-o-background-size:cover;background-size:cover;padding: 0px 0px 0px 0px;"><div class="fusion-text fusion-text-1"><div style="text-align:center;" class="alignright"><img decoding="async" border="0" src="http://thermometer.fund-raising-ideas-center.com/thermometer.php?currency=euro&#038;goal=1000&#038;current=1000&#038;color=red&#038;size=large"></p>
<p style="font-size:.8em; color:#999">Provided by<a href="http://www.fund-raising-ideas-center.com/" rel="nofollow" style="display:block; text-decoration:none; font-size:.8em; color:#999" target="_blank">Fund-Raising-Ideas-Center.com</a></p>
</div>
<p>Fiecare dintre noi am fost ajutați la un moment dat.<br />
Știm toți ce înseamnă acest lucru.<br />
Fă și tu acum o faptă bună și fii alături de noi în campania:<br />
<strong>“Împarte Bucurii &#8211; ajută cu alimente o familie de sărbători“</strong></p>
<p><strong>Perioada de desfășurare:</strong><br />
<em>01 Decembrie &#8211; 20 Decembrie – strângerea donațiilor<br />
20 Decembrie – 23 Decembrie – împărțirea alimentelor</em></p>
<p><strong>Scopul campaniei:</strong> ne propunem să ajutăm un numar de 40 de familii sărace , cu un pachet de alimente înainte de sărbători</p>
<p><strong>Conținutul unui pachet de alimente:</strong> ulei, făina de grâu, faină de porumb, zahăr, bulion, unt, orez și dulciuri pentru copii.</p>
<p><strong>Costul:</strong> fiecare pachet va costa aproximativ <strong>100 ron (25€)</strong></p>
<p><strong>Este nevoie de:</strong></p>
<ul>
<li>10 persoane care să doneze câte 25 de euro</li>
<li>5 Persoane care să doneze câte 50 euro</li>
<li>5 persoane care să doneze câte 100 euro</li>
</ul>
<h1>Suma propusă a fost atinsă. Mulţumim tututror donatorilor</h1>
<hr />
<h2>Mai jos găsiţi clipul campaniei:</h2>
</div>
<iframe width="640" height="480" src="https://www.youtube.com/embed/kFVxud7qAGw?rel=0" frameborder="0" allowfullscreen></iframe><div class="fusion-clearfix"></div></div></div></div><style type="text/css">.fusion-fullwidth.fusion-builder-row-1 { overflow:visible; }</style></div>
