{"id":10915,"date":"2014-03-31T10:22:43","date_gmt":"2014-03-31T08:22:43","guid":{"rendered":"http:\/\/valoareplus.ro\/new\/?post_type=avada_portfolio&#038;p=10915"},"modified":"2014-12-30T13:28:13","modified_gmt":"2014-12-30T11:28:13","slug":"informare-si-preventie-impreuna-putem-lupta-impotriva-traficului-de-persoane-umane","status":"publish","type":"avada_portfolio","link":"https:\/\/valoareplus.ro\/?avada_portfolio=informare-si-preventie-impreuna-putem-lupta-impotriva-traficului-de-persoane-umane","title":{"rendered":"Informare \u015fi preven\u0163ie \u201c\u00cempreun\u0103 putem lupta \u00eempotriva traficului de persoane umane\u201d"},"content":{"rendered":"<p><strong>Luni, 24.03.2014 \u015fi mar\u0163i 25.03.2014 au avut loc dou\u0103 conferin\u0163e de informare \u015fi preven\u0163ie denumite: \u201c\u00cempreun\u0103 putem lupta \u00eempotriva traficului de persoane umane\u201d organizate de Agen\u0163ia Na\u0163ional\u0103 \u00cempotriva Traficului de Persoane centrul Regional Bac\u0103u \u00eempreun\u0103 cu Asocia\u0163ia Valoare Plus \u015fi al\u0163i parteneri.<\/strong><\/p>\n<p>Luni ac\u0163iunea a avut loc la ora 17:00 \u00een cadrul Liceului de art\u0103 \u201cGeorge Apostu\u201d Bac\u0103u la care au participat un num\u0103r de aproximativ 35 de elevi ai liceului iar mar\u0163i la ora 11:00 ac\u0163iunea a avut loc la Biblioteca \u201cC.A.Rosetti\u201d One\u015fti la care au participat un num\u0103r de aproximativ 210 de elevi \u015fi 14 cadre didactice.<\/p>\n<p><strong>\u00cen cadrul acestor inform\u0103ri pentru preven\u0163ie au fost prezentate urm\u0103toarele:<\/strong><\/p>\n<ul>\n<li> Ce este traficul de persoane \u015fi termeni de specialitate<\/li>\n<li> Etapele traficului de persoane:\n<ol>\n<li>identificarea victimei<\/li>\n<li> recrutarea<\/li>\n<li> transportul<\/li>\n<li>exploatarea<\/li>\n<li>v\u00e2nzarea<\/li>\n<li>rev\u00e2narea<\/li>\n<li> ie\u015firea din situa\u0163ia de trafic<\/li>\n<li> repatrierea<\/li>\n<li>acordarea asisten\u0163ei de specialitate \u015fi protec\u0163ia victimelor.<\/li>\n<\/ol>\n<\/li>\n<li> Legile care combat traficului de persoane: Legea 678\/2011, Legea 230\/2010, Legea 211\/2004, H.G. 299\/2003 \u015fi Ord. M.I.R.A. nr. 335\/29.10.2007.<\/li>\n<li> Profilul traficantului \u015fi profilul victimelor<\/li>\n<li>Factorii generatori ai fenomenului: macrosociali, microsociali, familiali \u015fi individuali.<\/li>\n<\/ul>\n<p>Ca \u015fi concluzie, \u00eentreaga socieatate este responsabil\u0103 pentru existen\u0163\u0103 traficului de persoane, astfel atunci c\u00e2nd \u00eent\u00e2lni\u0163i acest fenomen sau suspecta\u0163i un trafic de persoane pute\u0163i apela numerele de urgen\u0163\u0103: 0800800678 sau 0040213133100 (apelabil \u015fi din str\u0103in\u0103tate).<\/p>\n","protected":false},"excerpt":{"rendered":"<p>Luni, 24.03.2014 \u015fi mar\u0163i 25.03.2014 au avut loc dou\u0103 conferin\u0163e de informare \u015fi preven\u0163ie denumite: \u201c\u00cempreun\u0103 putem lupta \u00eempotriva traficului de persoane umane\u201d organizate de Agen\u0163ia Na\u0163ional\u0103 \u00cempotriva Traficului de Persoane centrul Regional Bac\u0103u \u00eempreun\u0103 cu Asocia\u0163ia Valoare Plus \u015fi al\u0163i parteneri. Luni ac\u0163iunea a avut loc la ora 17:00 \u00een cadrul Liceului de art\u0103 \u201cGeorge Apostu\u201d Bac\u0103u la care au participat un num\u0103r de [&hellip;]<\/p>\n","protected":false},"author":1,"featured_media":10916,"menu_order":0,"comment_status":"open","ping_status":"closed","template":"","format":"standard","meta":{"footnotes":""},"portfolio_category":[55],"portfolio_skills":[],"portfolio_tags":[65,66],"class_list":["post-10915","avada_portfolio","type-avada_portfolio","status-publish","format-standard","has-post-thumbnail","hentry","portfolio_category-proiecte-incheiate","portfolio_tags-informare","portfolio_tags-trafic-uman"],"_links":{"self":[{"href":"https:\/\/valoareplus.ro\/index.php?rest_route=\/wp\/v2\/avada_portfolio\/10915","targetHints":{"allow":["GET"]}}],"collection":[{"href":"https:\/\/valoareplus.ro\/index.php?rest_route=\/wp\/v2\/avada_portfolio"}],"about":[{"href":"https:\/\/valoareplus.ro\/index.php?rest_route=\/wp\/v2\/types\/avada_portfolio"}],"author":[{"embeddable":true,"href":"https:\/\/valoareplus.ro\/index.php?rest_route=\/wp\/v2\/users\/1"}],"replies":[{"embeddable":true,"href":"https:\/\/valoareplus.ro\/index.php?rest_route=%2Fwp%2Fv2%2Fcomments&post=10915"}],"version-history":[{"count":1,"href":"https:\/\/valoareplus.ro\/index.php?rest_route=\/wp\/v2\/avada_portfolio\/10915\/revisions"}],"predecessor-version":[{"id":10921,"href":"https:\/\/valoareplus.ro\/index.php?rest_route=\/wp\/v2\/avada_portfolio\/10915\/revisions\/10921"}],"wp:featuredmedia":[{"embeddable":true,"href":"https:\/\/valoareplus.ro\/index.php?rest_route=\/wp\/v2\/media\/10916"}],"wp:attachment":[{"href":"https:\/\/valoareplus.ro\/index.php?rest_route=%2Fwp%2Fv2%2Fmedia&parent=10915"}],"wp:term":[{"taxonomy":"portfolio_category","embeddable":true,"href":"https:\/\/valoareplus.ro\/index.php?rest_route=%2Fwp%2Fv2%2Fportfolio_category&post=10915"},{"taxonomy":"portfolio_skills","embeddable":true,"href":"https:\/\/valoareplus.ro\/index.php?rest_route=%2Fwp%2Fv2%2Fportfolio_skills&post=10915"},{"taxonomy":"portfolio_tags","embeddable":true,"href":"https:\/\/valoareplus.ro\/index.php?rest_route=%2Fwp%2Fv2%2Fportfolio_tags&post=10915"}],"curies":[{"name":"wp","href":"https:\/\/api.w.org\/{rel}","templated":true}]}}

Informare şi prevenţie “Împreună putem lupta împotriva traficului de persoane umane”

<p><strong>Luni, 24.03.2014 şi marţi 25.03.2014 au avut loc două conferinţe de informare şi prevenţie denumite: “Împreună putem lupta împotriva traficului de persoane umane” organizate de Agenţia Naţională Împotriva Traficului de Persoane centrul Regional Bacău împreună cu Asociaţia Valoare Plus şi alţi parteneri.</strong></p>
<p>Luni acţiunea a avut loc la ora 17:00 în cadrul Liceului de artă “George Apostu” Bacău la care au participat un număr de aproximativ 35 de elevi ai liceului iar marţi la ora 11:00 acţiunea a avut loc la Biblioteca “C.A.Rosetti” Oneşti la care au participat un număr de aproximativ 210 de elevi şi 14 cadre didactice.</p>
<p><strong>În cadrul acestor informări pentru prevenţie au fost prezentate următoarele:</strong></p>
<ul>
<li> Ce este traficul de persoane şi termeni de specialitate</li>
<li> Etapele traficului de persoane:
<ol>
<li>identificarea victimei</li>
<li> recrutarea</li>
<li> transportul</li>
<li>exploatarea</li>
<li>vânzarea</li>
<li>revânarea</li>
<li> ieşirea din situaţia de trafic</li>
<li> repatrierea</li>
<li>acordarea asistenţei de specialitate şi protecţia victimelor.</li>
</ol>
</li>
<li> Legile care combat traficului de persoane: Legea 678/2011, Legea 230/2010, Legea 211/2004, H.G. 299/2003 şi Ord. M.I.R.A. nr. 335/29.10.2007.</li>
<li> Profilul traficantului şi profilul victimelor</li>
<li>Factorii generatori ai fenomenului: macrosociali, microsociali, familiali şi individuali.</li>
</ul>
<p>Ca şi concluzie, întreaga socieatate este responsabilă pentru existenţă traficului de persoane, astfel atunci când întâlniţi acest fenomen sau suspectaţi un trafic de persoane puteţi apela numerele de urgenţă: 0800800678 sau 0040213133100 (apelabil şi din străinătate).</p>

<p>Luni, 24.03.2014 şi marţi 25.03.2014 au avut loc două conferinţe de informare şi prevenţie denumite: “Împreună putem lupta împotriva traficului de persoane umane” organizate de Agenţia Naţională Împotriva Traficului de Persoane centrul Regional Bacău împreună cu Asociaţia Valoare Plus şi alţi parteneri. Luni acţiunea a avut loc la ora 17:00 în cadrul Liceului de artă “George Apostu” Bacău la care au participat un număr de [&hellip;]</p>
